CRAN Package Check Results for Package pbivnorm

Last updated on 2020-04-25 01:53:10 CEST.

Flavor Version Tinstall Tcheck Ttotal Status Flags
r-devel-linux-x86_64-debian-clang 0.6.0 2.14 16.86 19.00 OK
r-devel-linux-x86_64-debian-gcc 0.6.0 1.88 13.67 15.55 OK
r-devel-linux-x86_64-fedora-clang 0.6.0 24.80 NOTE
r-devel-linux-x86_64-fedora-gcc 0.6.0 24.17 NOTE
r-devel-windows-ix86+x86_64 0.6.0 11.00 33.00 44.00 OK
r-patched-linux-x86_64 0.6.0 2.38 16.60 18.98 OK
r-patched-osx-x86_64 0.6.0 OK
r-patched-solaris-x86 0.6.0 37.70 OK
r-release-linux-x86_64 0.6.0 1.98 15.68 17.66 OK
r-release-windows-ix86+x86_64 0.6.0 8.00 50.00 58.00 OK
r-release-osx-x86_64 0.6.0 OK
r-oldrel-windows-ix86+x86_64 0.6.0 5.00 31.00 36.00 OK
r-oldrel-osx-x86_64 0.6.0 OK

Check Details

Version: 0.6.0
Check: compiled code
Result: NOTE
    File ‘pbivnorm/libs/pbivnorm.so’:
     Found no calls to: ‘R_registerRoutines’, ‘R_useDynamicSymbols’
    
    It is good practice to register native routines and to disable symbol
    search.
    
    See ‘Writing portable packages’ in the ‘Writing R Extensions’ manual.
Flavors: r-devel-linux-x86_64-fedora-clang, r-devel-linux-x86_64-fedora-gcc