CRAN Package Check Results for Package pbdSLAP

Last updated on 2020-04-25 01:53:10 CEST.

Flavor Version Tinstall Tcheck Ttotal Status Flags
r-devel-linux-x86_64-debian-clang 0.3-0 139.21 45.76 184.97 OK
r-devel-linux-x86_64-debian-gcc 0.3-0 106.06 36.16 142.22 OK
r-devel-linux-x86_64-fedora-clang 0.3-0 277.72 NOTE
r-devel-linux-x86_64-fedora-gcc 0.3-0 274.95 OK
r-devel-windows-ix86+x86_64 0.3-0 568.00 85.00 653.00 NOTE
r-patched-linux-x86_64 0.3-0 126.20 45.61 171.81 OK
r-patched-osx-x86_64 0.3-0 ERROR
r-patched-solaris-x86 0.3-0 276.20 NOTE
r-release-linux-x86_64 0.3-0 123.51 42.51 166.02 OK
r-release-windows-ix86+x86_64 0.3-0 664.00 115.00 779.00 NOTE
r-release-osx-x86_64 0.3-0 ERROR
r-oldrel-windows-ix86+x86_64 0.2-7 347.00 67.00 414.00 NOTE
r-oldrel-osx-x86_64 0.3-0 ERROR

Check Details

Version: 0.3-0
Check: installed package size
Result: NOTE
     installed size is 10.4Mb
     sub-directories of 1Mb or more:
     lib 9.9Mb
Flavors: r-devel-linux-x86_64-fedora-clang, r-devel-windows-ix86+x86_64, r-patched-solaris-x86, r-release-windows-ix86+x86_64

Version: 0.3-0
Check: package dependencies
Result: ERROR
    Package required but not available: ‘pbdMPI’
    
    See section ‘The DESCRIPTION file’ in the ‘Writing R Extensions’
    manual.
Flavors: r-patched-osx-x86_64, r-release-osx-x86_64, r-oldrel-osx-x86_64

Version: 0.2-7
Check: installed package size
Result: NOTE
     installed size is 10.5Mb
     sub-directories of 1Mb or more:
     lib 5.6Mb
     libs 4.6Mb
Flavor: r-oldrel-windows-ix86+x86_64