CRAN Package Check Results for Package pbdBASE

Last updated on 2020-04-25 01:53:10 CEST.

Flavor Version Tinstall Tcheck Ttotal Status Flags
r-devel-linux-x86_64-debian-clang 0.5-3 16.88 53.09 69.97 OK
r-devel-linux-x86_64-debian-gcc 0.5-3 12.73 42.23 54.96 OK
r-devel-linux-x86_64-fedora-clang 0.5-3 97.58 OK
r-devel-linux-x86_64-fedora-gcc 0.5-3 96.68 OK
r-devel-windows-ix86+x86_64 0.5-3 201.00 89.00 290.00 OK
r-patched-linux-x86_64 0.5-3 14.72 52.30 67.02 OK
r-patched-osx-x86_64 0.5-3 ERROR
r-patched-solaris-x86 0.5-3 154.90 OK
r-release-linux-x86_64 0.5-3 13.93 49.54 63.47 OK
r-release-windows-ix86+x86_64 0.5-3 156.00 122.00 278.00 OK
r-release-osx-x86_64 0.5-3 ERROR
r-oldrel-osx-x86_64 0.5-3 ERROR

Check Details

Version: 0.5-3
Check: package dependencies
Result: ERROR
    Packages required but not available: 'pbdMPI', 'pbdSLAP'
    
    See section ‘The DESCRIPTION file’ in the ‘Writing R Extensions’
    manual.
Flavors: r-patched-osx-x86_64, r-release-osx-x86_64

Version: 0.5-3
Check: package dependencies
Result: ERROR
    Packages required but not available: ‘pbdMPI’ ‘pbdSLAP’
    
    See section ‘The DESCRIPTION file’ in the ‘Writing R Extensions’
    manual.
Flavor: r-oldrel-osx-x86_64