CRAN Package Check Results for Package parviol

Last updated on 2020-04-25 01:53:10 CEST.

Flavor Version Tinstall Tcheck Ttotal Status Flags
r-devel-linux-x86_64-debian-clang 1.1 2.27 22.38 24.65 NOTE
r-devel-linux-x86_64-debian-gcc 1.1 2.00 18.92 20.92 NOTE
r-devel-linux-x86_64-fedora-clang 1.1 32.63 NOTE
r-devel-linux-x86_64-fedora-gcc 1.1 31.70 NOTE
r-devel-windows-ix86+x86_64 1.1 10.00 35.00 45.00 NOTE
r-patched-linux-x86_64 1.1 2.11 22.98 25.09 NOTE
r-patched-osx-x86_64 1.1 NOTE
r-patched-solaris-x86 1.1 50.80 NOTE
r-release-linux-x86_64 1.1 2.21 21.66 23.87 NOTE
r-release-windows-ix86+x86_64 1.1 8.00 36.00 44.00 NOTE
r-release-osx-x86_64 1.1 NOTE
r-oldrel-windows-ix86+x86_64 1.1 2.00 54.00 56.00 NOTE
r-oldrel-osx-x86_64 1.1 NOTE

Check Details

Version: 1.1
Check: DESCRIPTION meta-information
Result: NOTE
    Malformed Description field: should contain one or more complete sentences.
Flavors: r-devel-linux-x86_64-debian-clang, r-devel-linux-x86_64-debian-gcc, r-devel-linux-x86_64-fedora-clang, r-devel-linux-x86_64-fedora-gcc, r-devel-windows-ix86+x86_64, r-patched-linux-x86_64, r-patched-osx-x86_64, r-patched-solaris-x86, r-release-linux-x86_64, r-release-windows-ix86+x86_64, r-release-osx-x86_64, r-oldrel-windows-ix86+x86_64, r-oldrel-osx-x86_64

Version: 1.1
Check: R code for possible problems
Result: NOTE
    parviol: no visible global function definition for 'plot.new'
    parviol: no visible global function definition for 'plot.window'
    parviol: no visible global function definition for 'title'
    parviol: no visible global function definition for 'lines'
    parviol: no visible global function definition for 'text'
    parviol: no visible global function definition for 'rgb'
    selecto: no visible global function definition for 'lines'
    Undefined global functions or variables:
     lines plot.new plot.window rgb text title
    Consider adding
     importFrom("grDevices", "rgb")
     importFrom("graphics", "lines", "plot.new", "plot.window", "text",
     "title")
    to your NAMESPACE file.
Flavors: r-devel-linux-x86_64-debian-clang, r-devel-linux-x86_64-debian-gcc, r-devel-linux-x86_64-fedora-clang, r-devel-linux-x86_64-fedora-gcc, r-devel-windows-ix86+x86_64, r-patched-linux-x86_64, r-patched-osx-x86_64, r-patched-solaris-x86, r-release-linux-x86_64, r-release-windows-ix86+x86_64, r-release-osx-x86_64, r-oldrel-windows-ix86+x86_64, r-oldrel-osx-x86_64