CRAN Package Check Results for Package partools

Last updated on 2020-04-25 01:53:10 CEST.

Flavor Version Tinstall Tcheck Ttotal Status Flags
r-devel-linux-x86_64-debian-clang 1.1.6 4.74 42.40 47.14 NOTE
r-devel-linux-x86_64-debian-gcc 1.1.6 3.38 32.85 36.23 NOTE
r-devel-linux-x86_64-fedora-clang 1.1.6 56.32 NOTE
r-devel-linux-x86_64-fedora-gcc 1.1.6 55.93 NOTE
r-devel-windows-ix86+x86_64 1.1.6 12.00 57.00 69.00 OK
r-patched-linux-x86_64 1.1.6 4.94 40.42 45.36 NOTE
r-patched-osx-x86_64 1.1.6 OK
r-patched-solaris-x86 1.1.6 102.40 NOTE
r-release-linux-x86_64 1.1.6 3.40 38.86 42.26 OK
r-release-windows-ix86+x86_64 1.1.6 10.00 61.00 71.00 OK
r-release-osx-x86_64 1.1.6 OK
r-oldrel-windows-ix86+x86_64 1.1.6 5.00 103.00 108.00 OK
r-oldrel-osx-x86_64 1.1.6 OK

Check Details

Version: 1.1.6
Check: for non-standard things in the check directory
Result: NOTE
    Found the following files/directories:
     'co2' 'co2.1' 'co2.2' 'co2s.1' 'co2s.2' 'ctm.1' 'ctm.2' 'm' 'm.1'
     'm.2' 'test' 'test.1' 'test.2' 'testa.1' 'testa.2' 'xfile.1'
     'xfile.2'
Flavors: r-devel-linux-x86_64-debian-clang, r-devel-linux-x86_64-debian-gcc, r-devel-linux-x86_64-fedora-clang, r-devel-linux-x86_64-fedora-gcc, r-patched-linux-x86_64, r-patched-solaris-x86