CRAN Package Check Results for Package partition

Last updated on 2020-04-25 01:53:10 CEST.

Flavor Version Tinstall Tcheck Ttotal Status Flags
r-devel-linux-x86_64-debian-clang 0.1.1 106.98 162.04 269.02 OK
r-devel-linux-x86_64-debian-gcc 0.1.1 70.98 124.62 195.60 OK
r-devel-linux-x86_64-fedora-clang 0.1.1 341.15 NOTE
r-devel-linux-x86_64-fedora-gcc 0.1.1 333.75 OK
r-devel-windows-ix86+x86_64 0.1.1 286.00 246.00 532.00 OK
r-patched-linux-x86_64 0.1.1 87.70 156.01 243.71 OK
r-patched-osx-x86_64 0.1.1 WARN
r-patched-solaris-x86 0.1.1 351.30 OK
r-release-linux-x86_64 0.1.1 80.30 141.62 221.92 OK
r-release-windows-ix86+x86_64 0.1.1 262.00 297.00 559.00 OK
r-release-osx-x86_64 0.1.1 OK
r-oldrel-windows-ix86+x86_64 0.1.1 178.00 245.00 423.00 OK
r-oldrel-osx-x86_64 0.1.1 OK

Check Details

Version: 0.1.1
Check: installed package size
Result: NOTE
     installed size is 5.6Mb
     sub-directories of 1Mb or more:
     libs 4.8Mb
Flavor: r-devel-linux-x86_64-fedora-clang

Version: 0.1.1
Check: re-building of vignette outputs
Result: WARN
    Error(s) in re-building vignettes:
    --- re-building ‘extending-partition.Rmd’ using rmarkdown
    dyld: lazy symbol binding failed: Symbol not found: ____chkstk_darwin
     Referenced from: /usr/local/bin/pandoc (which was built for Mac OS X 10.15)
     Expected in: /usr/lib/libSystem.B.dylib
    
    dyld: Symbol not found: ____chkstk_darwin
     Referenced from: /usr/local/bin/pandoc (which was built for Mac OS X 10.15)
     Expected in: /usr/lib/libSystem.B.dylib
    
    Error: processing vignette 'extending-partition.Rmd' failed with diagnostics:
    pandoc document conversion failed with error 6
    --- failed re-building ‘extending-partition.Rmd’
    
    --- re-building ‘introduction-to-partition.Rmd’ using rmarkdown
    `stat_bin()` using `bins = 30`. Pick better value with `binwidth`.
    Warning: Removed 2 rows containing missing values (geom_bar).
    dyld: lazy symbol binding failed: Symbol not found: ____chkstk_darwin
     Referenced from: /usr/local/bin/pandoc (which was built for Mac OS X 10.15)
     Expected in: /usr/lib/libSystem.B.dylib
    
    dyld: Symbol not found: ____chkstk_darwin
     Referenced from: /usr/local/bin/pandoc (which was built for Mac OS X 10.15)
     Expected in: /usr/lib/libSystem.B.dylib
    
    Error: processing vignette 'introduction-to-partition.Rmd' failed with diagnostics:
    pandoc document conversion failed with error 6
    --- failed re-building ‘introduction-to-partition.Rmd’
    
    SUMMARY: processing the following files failed:
     ‘extending-partition.Rmd’ ‘introduction-to-partition.Rmd’
    
    Error: Vignette re-building failed.
    Execution halted
Flavor: r-patched-osx-x86_64