CRAN Package Check Results for Package parfm

Last updated on 2020-04-25 01:53:10 CEST.

Flavor Version Tinstall Tcheck Ttotal Status Flags
r-devel-linux-x86_64-debian-clang 2.7.6 8.09 210.58 218.67 NOTE
r-devel-linux-x86_64-debian-gcc 2.7.6 7.93 155.35 163.28 NOTE
r-devel-linux-x86_64-fedora-clang 2.7.6 256.19 NOTE
r-devel-linux-x86_64-fedora-gcc 2.7.6 260.01 NOTE
r-devel-windows-ix86+x86_64 2.7.6 25.00 196.00 221.00 OK
r-patched-linux-x86_64 2.7.6 8.81 205.12 213.93 NOTE
r-patched-osx-x86_64 2.7.6 OK
r-patched-solaris-x86 2.7.6 333.20 NOTE
r-release-linux-x86_64 2.7.6 9.13 189.52 198.65 OK
r-release-windows-ix86+x86_64 2.7.6 23.00 199.00 222.00 OK
r-release-osx-x86_64 2.7.6 OK
r-oldrel-windows-ix86+x86_64 2.7.6 10.00 260.00 270.00 OK
r-oldrel-osx-x86_64 2.7.6 OK

Check Details

Version: 2.7.6
Check: for non-standard things in the check directory
Result: NOTE
    Found the following files/directories:
     'NUL'
Flavors: r-devel-linux-x86_64-debian-clang, r-devel-linux-x86_64-debian-gcc, r-devel-linux-x86_64-fedora-clang, r-devel-linux-x86_64-fedora-gcc, r-patched-linux-x86_64, r-patched-solaris-x86