CRAN Package Check Results for Package parcor

Last updated on 2020-04-25 01:53:10 CEST.

Flavor Version Tinstall Tcheck Ttotal Status Flags
r-devel-linux-x86_64-debian-clang 0.2-6 10.37 85.34 95.71 NOTE
r-devel-linux-x86_64-debian-gcc 0.2-6 7.72 63.55 71.27 NOTE
r-devel-linux-x86_64-fedora-clang 0.2-6 110.05 WARN
r-devel-linux-x86_64-fedora-gcc 0.2-6 115.85 NOTE
r-devel-windows-ix86+x86_64 0.2-6 24.00 86.00 110.00 NOTE
r-patched-linux-x86_64 0.2-6 9.14 79.62 88.76 NOTE
r-patched-osx-x86_64 0.2-6 NOTE
r-patched-solaris-x86 0.2-6 159.60 NOTE
r-release-linux-x86_64 0.2-6 8.53 74.51 83.04 NOTE
r-release-windows-ix86+x86_64 0.2-6 24.00 85.00 109.00 NOTE
r-release-osx-x86_64 0.2-6 NOTE
r-oldrel-windows-ix86+x86_64 0.2-6 9.00 130.00 139.00 NOTE
r-oldrel-osx-x86_64 0.2-6 NOTE

Check Details

Version: 0.2-6
Check: R code for possible problems
Result: NOTE
    adalasso: no visible global function definition for 'predict'
    lm.ridge.univariate: no visible global function definition for 'sd'
    mylars: no visible global function definition for 'predict'
    mylars: no visible binding for global variable 'var'
    performance.pcor: no visible global function definition for
     'ggm.test.edges'
    performance.pcor: no visible global function definition for 'var'
    ridge.cv: no visible global function definition for 'coef'
    Undefined global functions or variables:
     coef ggm.test.edges predict sd var
    Consider adding
     importFrom("stats", "coef", "predict", "sd", "var")
    to your NAMESPACE file.
Flavors: r-devel-linux-x86_64-debian-clang, r-devel-linux-x86_64-debian-gcc, r-devel-linux-x86_64-fedora-clang, r-devel-linux-x86_64-fedora-gcc, r-devel-windows-ix86+x86_64, r-patched-linux-x86_64, r-patched-osx-x86_64, r-patched-solaris-x86

Version: 0.2-6
Check: package dependencies
Result: WARN
    Requires orphaned package: ‘ppls’
Flavor: r-devel-linux-x86_64-fedora-clang

Version: 0.2-6
Check: R code for possible problems
Result: NOTE
    adalasso: no visible global function definition for ‘predict’
    lm.ridge.univariate: no visible global function definition for ‘sd’
    mylars: no visible global function definition for ‘predict’
    mylars: no visible binding for global variable ‘var’
    performance.pcor: no visible global function definition for
     ‘ggm.test.edges’
    performance.pcor: no visible global function definition for ‘var’
    ridge.cv: no visible global function definition for ‘coef’
    ridge.cv: no visible global function definition for ‘plot’
    Undefined global functions or variables:
     coef ggm.test.edges plot predict sd var
    Consider adding
     importFrom("graphics", "plot")
     importFrom("stats", "coef", "predict", "sd", "var")
    to your NAMESPACE file.
Flavors: r-release-linux-x86_64, r-release-windows-ix86+x86_64, r-release-osx-x86_64, r-oldrel-windows-ix86+x86_64, r-oldrel-osx-x86_64