CRAN Package Check Results for Package parcoords

Last updated on 2020-04-25 01:53:10 CEST.

Flavor Version Tinstall Tcheck Ttotal Status Flags
r-devel-linux-x86_64-debian-clang 1.0.0 2.89 32.76 35.65 NOTE
r-devel-linux-x86_64-debian-gcc 1.0.0 2.25 26.42 28.67 NOTE
r-devel-linux-x86_64-fedora-clang 1.0.0 43.93 OK
r-devel-linux-x86_64-fedora-gcc 1.0.0 43.68 OK
r-devel-windows-ix86+x86_64 1.0.0 13.00 44.00 57.00 NOTE
r-patched-linux-x86_64 1.0.0 2.75 32.43 35.18 NOTE
r-patched-osx-x86_64 1.0.0 WARN
r-patched-solaris-x86 1.0.0 66.20 WARN
r-release-linux-x86_64 1.0.0 2.49 30.27 32.76 OK
r-release-windows-ix86+x86_64 1.0.0 8.00 46.00 54.00 OK
r-release-osx-x86_64 1.0.0 WARN
r-oldrel-windows-ix86+x86_64 1.0.0 4.00 66.00 70.00 OK
r-oldrel-osx-x86_64 1.0.0 WARN

Check Details

Version: 1.0.0
Check: package vignettes
Result: NOTE
    Package vignette with placeholder title 'Vignette Title':
     'introduction-to-parcoords-.Rmd'
Flavors: r-devel-linux-x86_64-debian-clang, r-devel-linux-x86_64-debian-gcc, r-devel-windows-ix86+x86_64, r-patched-linux-x86_64

Version: 1.0.0
Check: re-building of vignette outputs
Result: WARN
    Error(s) in re-building vignettes:
     ...
    --- re-building ‘introduction-to-parcoords-.Rmd’ using rmarkdown
    dyld: lazy symbol binding failed: Symbol not found: ____chkstk_darwin
     Referenced from: /usr/local/bin/pandoc (which was built for Mac OS X 10.15)
     Expected in: /usr/lib/libSystem.B.dylib
    
    dyld: Symbol not found: ____chkstk_darwin
     Referenced from: /usr/local/bin/pandoc (which was built for Mac OS X 10.15)
     Expected in: /usr/lib/libSystem.B.dylib
    
    Error: processing vignette 'introduction-to-parcoords-.Rmd' failed with diagnostics:
    pandoc document conversion failed with error 6
    --- failed re-building ‘introduction-to-parcoords-.Rmd’
    
    SUMMARY: processing the following file failed:
     ‘introduction-to-parcoords-.Rmd’
    
    Error: Vignette re-building failed.
    Execution halted
Flavor: r-patched-osx-x86_64

Version: 1.0.0
Check: re-building of vignette outputs
Result: WARN
    Error(s) in re-building vignettes:
     ...
    --- re-building ‘introduction-to-parcoords-.Rmd’ using rmarkdown
    Warning in engine$weave(file, quiet = quiet, encoding = enc) :
     Pandoc (>= 1.12.3) and/or pandoc-citeproc not available. Falling back to R Markdown v1.
    Quitting from lines 27-30 (introduction-to-parcoords-.Rmd)
    Error: processing vignette 'introduction-to-parcoords-.Rmd' failed with diagnostics:
    there is no package called 'webshot'
    --- failed re-building ‘introduction-to-parcoords-.Rmd’
    
    SUMMARY: processing the following file failed:
     ‘introduction-to-parcoords-.Rmd’
    
    Error: Vignette re-building failed.
    Execution halted
Flavor: r-patched-solaris-x86

Version: 1.0.0
Check: re-building of vignette outputs
Result: WARN
    Error(s) in re-building vignettes:
     ...
    --- re-building ‘introduction-to-parcoords-.Rmd’ using rmarkdown
    Warning in engine$weave(file, quiet = quiet, encoding = enc) :
     Pandoc (>= 1.12.3) and/or pandoc-citeproc not available. Falling back to R Markdown v1.
    Quitting from lines 27-30 (introduction-to-parcoords-.Rmd)
    Error: processing vignette 'introduction-to-parcoords-.Rmd' failed with diagnostics:
    cannot open the connection
    --- failed re-building ‘introduction-to-parcoords-.Rmd’
    
    SUMMARY: processing the following file failed:
     ‘introduction-to-parcoords-.Rmd’
    
    Error: Vignette re-building failed.
    Execution halted
Flavor: r-release-osx-x86_64

Version: 1.0.0
Check: re-building of vignette outputs
Result: WARN
    Error in re-building vignettes:
     ...
    Warning in engine$weave(file, quiet = quiet, encoding = enc) :
     Pandoc (>= 1.12.3) and/or pandoc-citeproc not available. Falling back to R Markdown v1.
    Quitting from lines 27-30 (introduction-to-parcoords-.Rmd)
    Error: processing vignette 'introduction-to-parcoords-.Rmd' failed with diagnostics:
    cannot open the connection
    Execution halted
Flavor: r-oldrel-osx-x86_64