Last updated on 2020-04-25 01:53:10 CEST.
Flavor | Version | Tinstall | Tcheck | Ttotal | Status | Flags |
---|---|---|---|---|---|---|
r-devel-linux-x86_64-debian-clang | 0.6.1 | 17.10 | 282.05 | 299.15 | OK | |
r-devel-linux-x86_64-debian-gcc | 0.6.1 | 13.58 | 211.23 | 224.81 | OK | |
r-devel-linux-x86_64-fedora-clang | 0.6.1 | 361.18 | NOTE | |||
r-devel-linux-x86_64-fedora-gcc | 0.6.1 | 362.09 | NOTE | |||
r-devel-windows-ix86+x86_64 | 0.6.1 | 29.00 | 297.00 | 326.00 | OK | |
r-patched-linux-x86_64 | 0.6.1 | 13.36 | 274.16 | 287.52 | OK | |
r-patched-osx-x86_64 | 0.6.1 | NOTE | ||||
r-patched-solaris-x86 | 0.6.1 | 448.60 | NOTE | |||
r-release-linux-x86_64 | 0.6.1 | 13.05 | 249.80 | 262.85 | NOTE | |
r-release-windows-ix86+x86_64 | 0.6.1 | 31.00 | 381.00 | 412.00 | OK | |
r-release-osx-x86_64 | 0.6.1 | NOTE | ||||
r-oldrel-windows-ix86+x86_64 | 0.6.1 | 19.00 | 282.00 | 301.00 | OK | |
r-oldrel-osx-x86_64 | 0.6.0 | NOTE |
Version: 0.6.1
Check: package dependencies
Result: NOTE
Package suggested but not available for checking: ‘M3C’
Flavors: r-devel-linux-x86_64-fedora-clang, r-devel-linux-x86_64-fedora-gcc, r-patched-osx-x86_64, r-patched-solaris-x86, r-release-osx-x86_64
Version: 0.6.1
Check: package dependencies
Result: NOTE
Package suggested but not available for checking: ‘rstanarm’
Flavor: r-release-linux-x86_64
Version: 0.6.0
Check: package dependencies
Result: NOTE
Package suggested but not available for checking: ‘M3C’
Flavor: r-oldrel-osx-x86_64