CRAN Package Check Results for Package panelr

Last updated on 2020-04-25 01:53:10 CEST.

Flavor Version Tinstall Tcheck Ttotal Status Flags
r-devel-linux-x86_64-debian-clang 0.7.2 17.98 245.98 263.96 OK
r-devel-linux-x86_64-debian-gcc 0.7.2 15.34 181.86 197.20 OK
r-devel-linux-x86_64-fedora-clang 0.7.2 314.95 OK
r-devel-linux-x86_64-fedora-gcc 0.7.2 323.91 OK
r-devel-windows-ix86+x86_64 0.7.2 55.00 229.00 284.00 OK
r-patched-linux-x86_64 0.7.2 14.70 235.00 249.70 OK
r-patched-osx-x86_64 0.7.2 WARN
r-patched-solaris-x86 0.7.2 412.40 OK
r-release-linux-x86_64 0.7.2 13.53 213.39 226.92 OK
r-release-windows-ix86+x86_64 0.7.2 41.00 322.00 363.00 OK
r-release-osx-x86_64 0.7.2 OK
r-oldrel-windows-ix86+x86_64 0.7.2 16.00 241.00 257.00 WARN
r-oldrel-osx-x86_64 0.7.2 WARN

Check Details

Version: 0.7.2
Check: re-building of vignette outputs
Result: WARN
    Error(s) in re-building vignettes:
    --- re-building ‘reshape.Rmd’ using rmarkdown
    Loading required package: lme4
    Loading required package: Matrix
    
    Attaching package: 'panelr'
    
    The following object is masked from 'package:stats':
    
     filter
    
    dyld: lazy symbol binding failed: Symbol not found: ____chkstk_darwin
     Referenced from: /usr/local/bin/pandoc (which was built for Mac OS X 10.15)
     Expected in: /usr/lib/libSystem.B.dylib
    
    dyld: Symbol not found: ____chkstk_darwin
     Referenced from: /usr/local/bin/pandoc (which was built for Mac OS X 10.15)
     Expected in: /usr/lib/libSystem.B.dylib
    
    Error: processing vignette 'reshape.Rmd' failed with diagnostics:
    pandoc document conversion failed with error 6
    --- failed re-building ‘reshape.Rmd’
    
    --- re-building ‘wbm.Rmd’ using rmarkdown
    Loading required package: lme4
    Loading required package: Matrix
    
    Attaching package: 'panelr'
    
    The following object is masked from 'package:stats':
    
     filter
    
    Loading required namespace: geepack
    Loading required namespace: clubSandwich
    Loading required namespace: car
    dyld: lazy symbol binding failed: Symbol not found: ____chkstk_darwin
     Referenced from: /usr/local/bin/pandoc (which was built for Mac OS X 10.15)
     Expected in: /usr/lib/libSystem.B.dylib
    
    dyld: Symbol not found: ____chkstk_darwin
     Referenced from: /usr/local/bin/pandoc (which was built for Mac OS X 10.15)
     Expected in: /usr/lib/libSystem.B.dylib
    
    Error: processing vignette 'wbm.Rmd' failed with diagnostics:
    pandoc document conversion failed with error 6
    --- failed re-building ‘wbm.Rmd’
    
    SUMMARY: processing the following files failed:
     ‘reshape.Rmd’ ‘wbm.Rmd’
    
    Error: Vignette re-building failed.
    Execution halted
Flavor: r-patched-osx-x86_64

Version: 0.7.2
Check: for missing documentation entries
Result: WARN
    Undocumented code objects:
     'knit_print.summary.panel_data' 'summ.wbm'
    All user-level objects in a package should have documentation entries.
    See chapter 'Writing R documentation files' in the 'Writing R
    Extensions' manual.
Flavors: r-oldrel-windows-ix86+x86_64, r-oldrel-osx-x86_64