Last updated on 2020-04-25 01:53:10 CEST.
Flavor | Version | Tinstall | Tcheck | Ttotal | Status | Flags |
---|---|---|---|---|---|---|
r-devel-linux-x86_64-debian-clang | 0.6.3 | 37.56 | 81.27 | 118.83 | OK | |
r-devel-linux-x86_64-debian-gcc | 0.6.3 | 22.92 | 63.60 | 86.52 | OK | |
r-devel-linux-x86_64-fedora-clang | 0.6.3 | 153.40 | OK | |||
r-devel-linux-x86_64-fedora-gcc | 0.6.3 | 148.84 | OK | |||
r-devel-windows-ix86+x86_64 | 0.6.3 | 87.00 | 123.00 | 210.00 | OK | |
r-patched-linux-x86_64 | 0.6.3 | 29.39 | 79.68 | 109.07 | OK | |
r-patched-osx-x86_64 | 0.6.3 | OK | ||||
r-patched-solaris-x86 | 0.6.3 | 168.00 | OK | |||
r-release-linux-x86_64 | 0.6.3 | 26.31 | 73.77 | 100.08 | OK | |
r-release-windows-ix86+x86_64 | 0.6.3 | 93.00 | 112.00 | 205.00 | OK | |
r-release-osx-x86_64 | 0.6.3 | WARN | ||||
r-oldrel-windows-ix86+x86_64 | 0.6.3 | 52.00 | 147.00 | 199.00 | OK | |
r-oldrel-osx-x86_64 | 0.6.3 | OK |
Version: 0.6.3
Check: re-building of vignette outputs
Result: WARN
Error(s) in re-building vignettes:
--- re-building ‘evals.Rmd’ using rmarkdown
Warning in engine$weave(file, quiet = quiet, encoding = enc) :
Pandoc (>= 1.12.3) and/or pandoc-citeproc not available. Falling back to R Markdown v1.
Quitting from lines 13-19 (evals.Rmd)
Error: processing vignette 'evals.Rmd' failed with diagnostics:
package or namespace load failed for 'futile.logger' in loadNamespace(j <- i[[1L]], c(lib.loc, .libPaths()), versionCheck = vI[[j]]):
there is no package called 'formatR'
--- failed re-building ‘evals.Rmd’
--- re-building ‘knitr.Rmd’ using rmarkdown
Warning in engine$weave(file, quiet = quiet, encoding = enc) :
Pandoc (>= 1.12.3) and/or pandoc-citeproc not available. Falling back to R Markdown v1.
--- finished re-building ‘knitr.Rmd’
--- re-building ‘pander.Rmd’ using rmarkdown
Warning in engine$weave(file, quiet = quiet, encoding = enc) :
Pandoc (>= 1.12.3) and/or pandoc-citeproc not available. Falling back to R Markdown v1.
Loading required package: Hmisc
Loading required package: lattice
Loading required package: survival
Loading required package: Formula
Loading required package: ggplot2
Attaching package: 'Hmisc'
The following objects are masked from 'package:base':
format.pval, units
--- finished re-building ‘pander.Rmd’
--- re-building ‘pandoc_table.Rmd’ using rmarkdown
Warning in engine$weave(file, quiet = quiet, encoding = enc) :
Pandoc (>= 1.12.3) and/or pandoc-citeproc not available. Falling back to R Markdown v1.
--- finished re-building ‘pandoc_table.Rmd’
SUMMARY: processing the following file failed:
‘evals.Rmd’
Error: Vignette re-building failed.
Execution halted
Flavor: r-release-osx-x86_64