CRAN Package Check Results for Package paleotree

Last updated on 2020-04-25 01:53:10 CEST.

Flavor Version Tinstall Tcheck Ttotal Status Flags
r-devel-linux-x86_64-debian-clang 3.3.25 25.04 392.73 417.77 OK
r-devel-linux-x86_64-debian-gcc 3.3.25 22.10 275.20 297.30 OK
r-devel-linux-x86_64-fedora-clang 3.3.25 464.80 NOTE
r-devel-linux-x86_64-fedora-gcc 3.3.25 469.58 NOTE
r-devel-windows-ix86+x86_64 3.3.25 52.00 348.00 400.00 OK
r-patched-linux-x86_64 3.3.25 23.00 372.78 395.78 OK
r-patched-osx-x86_64 3.3.25 NOTE
r-patched-solaris-x86 3.3.25 575.60 NOTE
r-release-linux-x86_64 3.3.25 21.40 336.30 357.70 OK
r-release-windows-ix86+x86_64 3.3.25 47.00 327.00 374.00 OK
r-release-osx-x86_64 3.3.25 NOTE
r-oldrel-windows-ix86+x86_64 3.3.25 24.00 374.00 398.00 OK
r-oldrel-osx-x86_64 3.3.25 NOTE

Check Details

Version: 3.3.25
Check: data for non-ASCII characters
Result: NOTE
     Note: found 9 marked UTF-8 strings
Flavors: r-devel-linux-x86_64-fedora-clang, r-devel-linux-x86_64-fedora-gcc, r-patched-osx-x86_64, r-patched-solaris-x86, r-release-osx-x86_64, r-oldrel-osx-x86_64