CRAN Package Check Results for Package pGMGM

Last updated on 2020-04-25 01:53:11 CEST.

Flavor Version Tinstall Tcheck Ttotal Status Flags
r-devel-linux-x86_64-debian-clang 1.0 6.38 41.84 48.22 OK
r-devel-linux-x86_64-debian-gcc 1.0 4.15 31.99 36.14 OK
r-devel-linux-x86_64-fedora-clang 1.0 58.40 NOTE
r-devel-linux-x86_64-fedora-gcc 1.0 56.92 NOTE
r-devel-windows-ix86+x86_64 1.0 22.00 85.00 107.00 OK
r-patched-linux-x86_64 1.0 5.95 40.75 46.70 OK
r-patched-osx-x86_64 1.0 OK
r-patched-solaris-x86 1.0 96.30 OK
r-release-linux-x86_64 1.0 5.39 38.03 43.42 OK
r-release-windows-ix86+x86_64 1.0 26.00 74.00 100.00 OK
r-release-osx-x86_64 1.0 OK
r-oldrel-windows-ix86+x86_64 1.0 11.00 97.00 108.00 OK
r-oldrel-osx-x86_64 1.0 OK

Check Details

Version: 1.0
Check: compiled code
Result: NOTE
    File ‘pGMGM/libs/pGMGM.so’:
     Found no calls to: ‘R_registerRoutines’, ‘R_useDynamicSymbols’
    
    It is good practice to register native routines and to disable symbol
    search.
    
    See ‘Writing portable packages’ in the ‘Writing R Extensions’ manual.
Flavors: r-devel-linux-x86_64-fedora-clang, r-devel-linux-x86_64-fedora-gcc