CRAN Package Check Results for Package pBrackets

Last updated on 2020-04-25 01:53:10 CEST.

Flavor Version Tinstall Tcheck Ttotal Status Flags
r-devel-linux-x86_64-debian-clang 1.0 2.36 23.34 25.70 NOTE
r-devel-linux-x86_64-debian-gcc 1.0 1.85 18.80 20.65 NOTE
r-devel-linux-x86_64-fedora-clang 1.0 32.74 NOTE
r-devel-linux-x86_64-fedora-gcc 1.0 31.82 NOTE
r-devel-windows-ix86+x86_64 1.0 6.00 35.00 41.00 NOTE
r-patched-linux-x86_64 1.0 2.36 23.13 25.49 NOTE
r-patched-osx-x86_64 1.0 NOTE
r-patched-solaris-x86 1.0 49.60 NOTE
r-release-linux-x86_64 1.0 1.89 21.77 23.66 NOTE
r-release-windows-ix86+x86_64 1.0 5.00 48.00 53.00 NOTE
r-release-osx-x86_64 1.0 NOTE
r-oldrel-windows-ix86+x86_64 1.0 3.00 33.00 36.00 NOTE
r-oldrel-osx-x86_64 1.0 NOTE

Check Details

Version: 1.0
Check: R code for possible problems
Result: NOTE
    a_get_native: no visible global function definition for 'par'
    a_get_relative: no visible global function definition for 'par'
    brackets: no visible global function definition for 'par'
    brackets: no visible global function definition for 'dist'
    brackets: no visible global function definition for 'lines'
    Undefined global functions or variables:
     dist lines par
    Consider adding
     importFrom("graphics", "lines", "par")
     importFrom("stats", "dist")
    to your NAMESPACE file.
Flavors: r-devel-linux-x86_64-debian-clang, r-devel-linux-x86_64-debian-gcc, r-devel-linux-x86_64-fedora-clang, r-devel-linux-x86_64-fedora-gcc, r-devel-windows-ix86+x86_64, r-patched-linux-x86_64, r-patched-osx-x86_64, r-patched-solaris-x86, r-release-linux-x86_64, r-release-windows-ix86+x86_64, r-release-osx-x86_64, r-oldrel-windows-ix86+x86_64, r-oldrel-osx-x86_64