CRAN Package Check Results for Package otvPlots

Last updated on 2020-04-25 01:53:10 CEST.

Flavor Version Tinstall Tcheck Ttotal Status Flags
r-devel-linux-x86_64-debian-clang 0.2.1 13.20 145.55 158.75 OK
r-devel-linux-x86_64-debian-gcc 0.2.1 11.21 113.31 124.52 OK
r-devel-linux-x86_64-fedora-clang 0.2.1 175.14 NOTE
r-devel-linux-x86_64-fedora-gcc 0.2.1 171.68 NOTE
r-devel-windows-ix86+x86_64 0.2.1 45.00 142.00 187.00 OK
r-patched-linux-x86_64 0.2.1 9.97 133.54 143.51 OK
r-patched-osx-x86_64 0.2.1 NOTE
r-patched-solaris-x86 0.2.1 243.90 NOTE
r-release-linux-x86_64 0.2.1 7.47 124.22 131.69 OK
r-release-windows-ix86+x86_64 0.2.1 33.00 136.00 169.00 OK
r-release-osx-x86_64 0.2.1 NOTE
r-oldrel-windows-ix86+x86_64 0.2.1 16.00 180.00 196.00 OK
r-oldrel-osx-x86_64 0.2.1 NOTE

Check Details

Version: 0.2.1
Check: dependencies in R code
Result: NOTE
    Namespace in Imports field not imported from: ‘quantreg’
     All declared Imports should be used.
Flavors: r-devel-linux-x86_64-fedora-clang, r-devel-linux-x86_64-fedora-gcc, r-patched-osx-x86_64, r-patched-solaris-x86, r-release-osx-x86_64, r-oldrel-osx-x86_64