CRAN Package Check Results for Package orloca

Last updated on 2020-04-25 01:53:10 CEST.

Flavor Version Tinstall Tcheck Ttotal Status Flags
r-devel-linux-x86_64-debian-clang 4.9 4.39 37.83 42.22 OK
r-devel-linux-x86_64-debian-gcc 4.9 3.88 29.62 33.50 OK
r-devel-linux-x86_64-fedora-clang 4.9 52.28 NOTE
r-devel-linux-x86_64-fedora-gcc 4.9 51.64 NOTE
r-devel-windows-ix86+x86_64 4.9 13.00 51.00 64.00 OK
r-patched-linux-x86_64 4.9 3.99 37.59 41.58 OK
r-patched-osx-x86_64 4.9 WARN
r-patched-solaris-x86 4.9 77.40 NOTE
r-release-linux-x86_64 4.9 3.65 34.65 38.30 OK
r-release-windows-ix86+x86_64 4.9 11.00 48.00 59.00 OK
r-release-osx-x86_64 4.9 NOTE
r-oldrel-windows-ix86+x86_64 4.9 6.00 66.00 72.00 OK
r-oldrel-osx-x86_64 4.9 NOTE

Check Details

Version: 4.9
Check: dependencies in R code
Result: NOTE
    Namespaces in Imports field not imported from:
     ‘knitr’ ‘rmarkdown’
     All declared Imports should be used.
Flavors: r-devel-linux-x86_64-fedora-clang, r-devel-linux-x86_64-fedora-gcc, r-patched-osx-x86_64, r-patched-solaris-x86, r-release-osx-x86_64, r-oldrel-osx-x86_64

Version: 4.9
Check: re-building of vignette outputs
Result: WARN
    Error(s) in re-building vignettes:
    --- re-building ‘localizacionplana.Rmd’ using rmarkdown
    dyld: lazy symbol binding failed: Symbol not found: ____chkstk_darwin
     Referenced from: /usr/local/bin/pandoc (which was built for Mac OS X 10.15)
     Expected in: /usr/lib/libSystem.B.dylib
    
    dyld: Symbol not found: ____chkstk_darwin
     Referenced from: /usr/local/bin/pandoc (which was built for Mac OS X 10.15)
     Expected in: /usr/lib/libSystem.B.dylib
    
    Error: processing vignette 'localizacionplana.Rmd' failed with diagnostics:
    pandoc document conversion failed with error 6
    --- failed re-building ‘localizacionplana.Rmd’
    
    --- re-building ‘planarlocation.Rmd’ using rmarkdown
    dyld: lazy symbol binding failed: Symbol not found: ____chkstk_darwin
     Referenced from: /usr/local/bin/pandoc (which was built for Mac OS X 10.15)
     Expected in: /usr/lib/libSystem.B.dylib
    
    dyld: Symbol not found: ____chkstk_darwin
     Referenced from: /usr/local/bin/pandoc (which was built for Mac OS X 10.15)
     Expected in: /usr/lib/libSystem.B.dylib
    
    Error: processing vignette 'planarlocation.Rmd' failed with diagnostics:
    pandoc document conversion failed with error 6
    --- failed re-building ‘planarlocation.Rmd’
    
    SUMMARY: processing the following files failed:
     ‘localizacionplana.Rmd’ ‘planarlocation.Rmd’
    
    Error: Vignette re-building failed.
    Execution halted
Flavor: r-patched-osx-x86_64