CRAN Package Check Results for Package orderly

Last updated on 2020-04-25 01:53:10 CEST.

Flavor Version Tinstall Tcheck Ttotal Status Flags
r-devel-linux-x86_64-debian-clang 1.0.4 10.60 147.21 157.81 OK
r-devel-linux-x86_64-debian-gcc 1.0.4 8.25 113.10 121.35 OK
r-devel-linux-x86_64-fedora-clang 1.0.4 193.92 OK
r-devel-linux-x86_64-fedora-gcc 1.0.4 239.11 OK
r-devel-windows-ix86+x86_64 1.0.4 24.00 101.00 125.00 OK
r-patched-linux-x86_64 1.0.4 9.78 144.27 154.05 OK
r-patched-osx-x86_64 1.0.4 WARN
r-patched-solaris-x86 1.0.4 240.80 OK
r-release-linux-x86_64 1.0.4 7.20 130.53 137.73 OK
r-release-windows-ix86+x86_64 1.0.4 26.00 148.00 174.00 OK
r-release-osx-x86_64 1.0.4 OK
r-oldrel-windows-ix86+x86_64 1.0.4 14.00 99.00 113.00 OK
r-oldrel-osx-x86_64 1.0.4 OK

Check Details

Version: 1.0.4
Check: re-building of vignette outputs
Result: WARN
    Error(s) in re-building vignettes:
    --- re-building ‘changelog.Rmd’ using rmarkdown
    dyld: lazy symbol binding failed: Symbol not found: ____chkstk_darwin
     Referenced from: /usr/local/bin/pandoc (which was built for Mac OS X 10.15)
     Expected in: /usr/lib/libSystem.B.dylib
    
    dyld: Symbol not found: ____chkstk_darwin
     Referenced from: /usr/local/bin/pandoc (which was built for Mac OS X 10.15)
     Expected in: /usr/lib/libSystem.B.dylib
    
    Error: processing vignette 'changelog.Rmd' failed with diagnostics:
    pandoc document conversion failed with error 6
    --- failed re-building ‘changelog.Rmd’
    
    --- re-building ‘orderly.Rmd’ using rmarkdown
    dyld: lazy symbol binding failed: Symbol not found: ____chkstk_darwin
     Referenced from: /usr/local/bin/pandoc (which was built for Mac OS X 10.15)
     Expected in: /usr/lib/libSystem.B.dylib
    
    dyld: Symbol not found: ____chkstk_darwin
     Referenced from: /usr/local/bin/pandoc (which was built for Mac OS X 10.15)
     Expected in: /usr/lib/libSystem.B.dylib
    
    Error: processing vignette 'orderly.Rmd' failed with diagnostics:
    pandoc document conversion failed with error 6
    --- failed re-building ‘orderly.Rmd’
    
    --- re-building ‘remote.Rmd’ using rmarkdown
    dyld: lazy symbol binding failed: Symbol not found: ____chkstk_darwin
     Referenced from: /usr/local/bin/pandoc (which was built for Mac OS X 10.15)
     Expected in: /usr/lib/libSystem.B.dylib
    
    dyld: Symbol not found: ____chkstk_darwin
     Referenced from: /usr/local/bin/pandoc (which was built for Mac OS X 10.15)
     Expected in: /usr/lib/libSystem.B.dylib
    
    Error: processing vignette 'remote.Rmd' failed with diagnostics:
    pandoc document conversion failed with error 6
    --- failed re-building ‘remote.Rmd’
    
    SUMMARY: processing the following files failed:
     ‘changelog.Rmd’ ‘orderly.Rmd’ ‘remote.Rmd’
    
    Error: Vignette re-building failed.
    Execution halted
Flavor: r-patched-osx-x86_64