CRAN Package Check Results for Package optimParallel

Last updated on 2020-04-25 01:53:10 CEST.

Flavor Version Tinstall Tcheck Ttotal Status Flags
r-devel-linux-x86_64-debian-clang 1.0 2.16 28.04 30.20 NOTE
r-devel-linux-x86_64-debian-gcc 1.0 1.75 22.59 24.34 NOTE
r-devel-linux-x86_64-fedora-clang 1.0 40.39 NOTE
r-devel-linux-x86_64-fedora-gcc 1.0 38.34 NOTE
r-devel-windows-ix86+x86_64 1.0 8.00 42.00 50.00 OK
r-patched-linux-x86_64 1.0 1.70 27.58 29.28 NOTE
r-patched-osx-x86_64 1.0 OK
r-patched-solaris-x86 1.0 67.70 NOTE
r-release-linux-x86_64 1.0 1.89 26.04 27.93 NOTE
r-release-windows-ix86+x86_64 1.0 11.00 64.00 75.00 OK
r-release-osx-x86_64 1.0 OK
r-oldrel-windows-ix86+x86_64 1.0 4.00 45.00 49.00 OK
r-oldrel-osx-x86_64 1.0 OK

Check Details

Version: 1.0
Check: package dependencies
Result: NOTE
    Package suggested but not available for checking: 'lbfgsb3'
Flavors: r-devel-linux-x86_64-debian-clang, r-devel-linux-x86_64-debian-gcc, r-devel-linux-x86_64-fedora-clang, r-devel-linux-x86_64-fedora-gcc, r-patched-linux-x86_64, r-patched-solaris-x86, r-release-linux-x86_64