CRAN Package Check Results for Package openNLPdata

Last updated on 2020-04-25 01:53:10 CEST.

Flavor Version Tinstall Tcheck Ttotal Status Flags
r-devel-linux-x86_64-debian-clang 1.5.3-4 3.51 22.71 26.22 OK
r-devel-linux-x86_64-debian-gcc 1.5.3-4 3.00 17.55 20.55 OK
r-devel-linux-x86_64-fedora-clang 1.5.3-4 33.01 NOTE
r-devel-linux-x86_64-fedora-gcc 1.5.3-4 34.23 NOTE
r-devel-windows-ix86+x86_64 1.5.3-4 11.00 33.00 44.00 NOTE
r-patched-linux-x86_64 1.5.3-4 3.34 22.21 25.55 OK
r-patched-osx-x86_64 1.5.3-4 NOTE
r-patched-solaris-x86 1.5.3-4 55.80 NOTE
r-release-linux-x86_64 1.5.3-4 3.34 20.39 23.73 OK
r-release-windows-ix86+x86_64 1.5.3-4 8.00 33.00 41.00 NOTE
r-release-osx-x86_64 1.5.3-4 NOTE
r-oldrel-windows-ix86+x86_64 1.5.3-4 7.00 34.00 41.00 NOTE
r-oldrel-osx-x86_64 1.5.3-4 NOTE

Check Details

Version: 1.5.3-4
Check: installed package size
Result: NOTE
     installed size is 7.2Mb
     sub-directories of 1Mb or more:
     java 1.2Mb
     models 6.0Mb
Flavors: r-devel-linux-x86_64-fedora-clang, r-devel-windows-ix86+x86_64, r-patched-osx-x86_64, r-patched-solaris-x86, r-release-windows-ix86+x86_64, r-release-osx-x86_64, r-oldrel-windows-ix86+x86_64, r-oldrel-osx-x86_64

Version: 1.5.3-4
Check: top-level files
Result: NOTE
     possible bashism in configure line 52 (test -a/-o):
     if test ${java_version_maj} -ge 5 || \
     test ${java_version_maj} -eq 1 -a ${java_version_min} -ge 5;
Flavors: r-devel-linux-x86_64-fedora-clang, r-devel-linux-x86_64-fedora-gcc