CRAN Package Check Results for Package onlinePCA

Last updated on 2020-04-25 01:53:09 CEST.

Flavor Version Tinstall Tcheck Ttotal Status Flags
r-devel-linux-x86_64-debian-clang 1.3.1 53.11 65.48 118.59 OK
r-devel-linux-x86_64-debian-gcc 1.3.1 33.09 51.32 84.41 OK
r-devel-linux-x86_64-fedora-clang 1.3.1 150.81 NOTE
r-devel-linux-x86_64-fedora-gcc 1.3.1 142.89 NOTE
r-devel-windows-ix86+x86_64 1.3.1 146.00 106.00 252.00 OK
r-patched-linux-x86_64 1.3.1 41.10 64.31 105.41 OK
r-patched-osx-x86_64 1.3.1 OK
r-patched-solaris-x86 1.3.1 173.80 OK
r-release-linux-x86_64 1.3.1 44.24 58.10 102.34 OK
r-release-windows-ix86+x86_64 1.3.1 131.00 104.00 235.00 OK
r-release-osx-x86_64 1.3.1 OK
r-oldrel-windows-ix86+x86_64 1.3.1 81.00 138.00 219.00 OK
r-oldrel-osx-x86_64 1.3.1 OK

Check Details

Version: 1.3.1
Check: compiled code
Result: NOTE
    File ‘onlinePCA/libs/onlinePCA.so’:
     Found no calls to: ‘R_registerRoutines’, ‘R_useDynamicSymbols’
    
    It is good practice to register native routines and to disable symbol
    search.
    
    See ‘Writing portable packages’ in the ‘Writing R Extensions’ manual.
Flavors: r-devel-linux-x86_64-fedora-clang, r-devel-linux-x86_64-fedora-gcc