CRAN Package Check Results for Package olsrr

Last updated on 2020-04-25 01:53:09 CEST.

Flavor Version Tinstall Tcheck Ttotal Status Flags
r-devel-linux-x86_64-debian-clang 0.5.3 30.49 197.30 227.79 NOTE
r-devel-linux-x86_64-debian-gcc 0.5.3 21.08 149.60 170.68 OK
r-devel-linux-x86_64-fedora-clang 0.5.3 268.44 OK
r-devel-linux-x86_64-fedora-gcc 0.5.3 264.65 OK
r-devel-windows-ix86+x86_64 0.5.3 84.00 296.00 380.00 OK
r-patched-linux-x86_64 0.5.3 25.01 189.32 214.33 OK
r-patched-osx-x86_64 0.5.3 WARN
r-patched-solaris-x86 0.5.3 346.60 OK
r-release-linux-x86_64 0.5.3 22.33 182.24 204.57 OK
r-release-windows-ix86+x86_64 0.5.3 70.00 282.00 352.00 OK
r-release-osx-x86_64 0.5.3 OK
r-oldrel-windows-ix86+x86_64 0.5.3 37.00 336.00 373.00 OK
r-oldrel-osx-x86_64 0.5.3 OK

Check Details

Version: 0.5.3
Check: package dependencies
Result: NOTE
    Package suggested but not available for checking: 'vdiffr'
Flavor: r-devel-linux-x86_64-debian-clang

Version: 0.5.3
Check: re-building of vignette outputs
Result: WARN
    Error(s) in re-building vignettes:
    --- re-building ‘heteroskedasticity.Rmd’ using rmarkdown
    
    Attaching package: 'olsrr'
    
    The following object is masked from 'package:datasets':
    
     rivers
    
    
    Attaching package: 'goftest'
    
    The following objects are masked from 'package:nortest':
    
     ad.test, cvm.test
    
    dyld: lazy symbol binding failed: Symbol not found: ____chkstk_darwin
     Referenced from: /usr/local/bin/pandoc (which was built for Mac OS X 10.15)
     Expected in: /usr/lib/libSystem.B.dylib
    
    dyld: Symbol not found: ____chkstk_darwin
     Referenced from: /usr/local/bin/pandoc (which was built for Mac OS X 10.15)
     Expected in: /usr/lib/libSystem.B.dylib
    
    Error: processing vignette 'heteroskedasticity.Rmd' failed with diagnostics:
    pandoc document conversion failed with error 6
    --- failed re-building ‘heteroskedasticity.Rmd’
    
    --- re-building ‘influence_measures.Rmd’ using rmarkdown
    
    Attaching package: 'olsrr'
    
    The following object is masked from 'package:datasets':
    
     rivers
    
    
    Attaching package: 'goftest'
    
    The following objects are masked from 'package:nortest':
    
     ad.test, cvm.test
    
    dyld: lazy symbol binding failed: Symbol not found: ____chkstk_darwin
     Referenced from: /usr/local/bin/pandoc (which was built for Mac OS X 10.15)
     Expected in: /usr/lib/libSystem.B.dylib
    
    dyld: Symbol not found: ____chkstk_darwin
     Referenced from: /usr/local/bin/pandoc (which was built for Mac OS X 10.15)
     Expected in: /usr/lib/libSystem.B.dylib
    
    Error: processing vignette 'influence_measures.Rmd' failed with diagnostics:
    pandoc document conversion failed with error 6
    --- failed re-building ‘influence_measures.Rmd’
    
    --- re-building ‘intro.Rmd’ using rmarkdown
    
    Attaching package: 'olsrr'
    
    The following object is masked from 'package:datasets':
    
     rivers
    
    
    Attaching package: 'goftest'
    
    The following objects are masked from 'package:nortest':
    
     ad.test, cvm.test
    
    dyld: lazy symbol binding failed: Symbol not found: ____chkstk_darwin
     Referenced from: /usr/local/bin/pandoc (which was built for Mac OS X 10.15)
     Expected in: /usr/lib/libSystem.B.dylib
    
    dyld: Symbol not found: ____chkstk_darwin
     Referenced from: /usr/local/bin/pandoc (which was built for Mac OS X 10.15)
     Expected in: /usr/lib/libSystem.B.dylib
    
    Error: processing vignette 'intro.Rmd' failed with diagnostics:
    pandoc document conversion failed with error 6
    --- failed re-building ‘intro.Rmd’
    
    --- re-building ‘reference-media.Rmd’ using rmarkdown
    dyld: lazy symbol binding failed: Symbol not found: ____chkstk_darwin
     Referenced from: /usr/local/bin/pandoc (which was built for Mac OS X 10.15)
     Expected in: /usr/lib/libSystem.B.dylib
    
    dyld: Symbol not found: ____chkstk_darwin
     Referenced from: /usr/local/bin/pandoc (which was built for Mac OS X 10.15)
     Expected in: /usr/lib/libSystem.B.dylib
    
    Error: processing vignette 'reference-media.Rmd' failed with diagnostics:
    pandoc document conversion failed with error 6
    --- failed re-building ‘reference-media.Rmd’
    
    --- re-building ‘regression_diagnostics.Rmd’ using rmarkdown
    
    Attaching package: 'olsrr'
    
    The following object is masked from 'package:datasets':
    
     rivers
    
    
    Attaching package: 'goftest'
    
    The following objects are masked from 'package:nortest':
    
     ad.test, cvm.test
    
    dyld: lazy symbol binding failed: Symbol not found: ____chkstk_darwin
     Referenced from: /usr/local/bin/pandoc (which was built for Mac OS X 10.15)
     Expected in: /usr/lib/libSystem.B.dylib
    
    dyld: Symbol not found: ____chkstk_darwin
     Referenced from: /usr/local/bin/pandoc (which was built for Mac OS X 10.15)
     Expected in: /usr/lib/libSystem.B.dylib
    
    Error: processing vignette 'regression_diagnostics.Rmd' failed with diagnostics:
    pandoc document conversion failed with error 6
    --- failed re-building ‘regression_diagnostics.Rmd’
    
    --- re-building ‘residual_diagnostics.Rmd’ using rmarkdown
    
    Attaching package: 'olsrr'
    
    The following object is masked from 'package:datasets':
    
     rivers
    
    
    Attaching package: 'goftest'
    
    The following objects are masked from 'package:nortest':
    
     ad.test, cvm.test
    
    dyld: lazy symbol binding failed: Symbol not found: ____chkstk_darwin
     Referenced from: /usr/local/bin/pandoc (which was built for Mac OS X 10.15)
     Expected in: /usr/lib/libSystem.B.dylib
    
    dyld: Symbol not found: ____chkstk_darwin
     Referenced from: /usr/local/bin/pandoc (which was built for Mac OS X 10.15)
     Expected in: /usr/lib/libSystem.B.dylib
    
    Error: processing vignette 'residual_diagnostics.Rmd' failed with diagnostics:
    pandoc document conversion failed with error 6
    --- failed re-building ‘residual_diagnostics.Rmd’
    
    --- re-building ‘variable_selection.Rmd’ using rmarkdown
    
    Attaching package: 'olsrr'
    
    The following object is masked from 'package:datasets':
    
     rivers
    
    
    Attaching package: 'goftest'
    
    The following objects are masked from 'package:nortest':
    
     ad.test, cvm.test
    
    dyld: lazy symbol binding failed: Symbol not found: ____chkstk_darwin
     Referenced from: /usr/local/bin/pandoc (which was built for Mac OS X 10.15)
     Expected in: /usr/lib/libSystem.B.dylib
    
    dyld: Symbol not found: ____chkstk_darwin
     Referenced from: /usr/local/bin/pandoc (which was built for Mac OS X 10.15)
     Expected in: /usr/lib/libSystem.B.dylib
    
    Error: processing vignette 'variable_selection.Rmd' failed with diagnostics:
    pandoc document conversion failed with error 6
    --- failed re-building ‘variable_selection.Rmd’
    
    SUMMARY: processing the following files failed:
     ‘heteroskedasticity.Rmd’ ‘influence_measures.Rmd’ ‘intro.Rmd’
     ‘reference-media.Rmd’ ‘regression_diagnostics.Rmd’
     ‘residual_diagnostics.Rmd’ ‘variable_selection.Rmd’
    
    Error: Vignette re-building failed.
    Execution halted
Flavor: r-patched-osx-x86_64