CRAN Package Check Results for Package observer

Last updated on 2020-04-25 01:53:09 CEST.

Flavor Version Tinstall Tcheck Ttotal Status Flags
r-devel-linux-x86_64-debian-clang 0.1.2 4.45 41.70 46.15 OK
r-devel-linux-x86_64-debian-gcc 0.1.2 3.50 32.96 36.46 OK
r-devel-linux-x86_64-fedora-clang 0.1.2 57.87 WARN
r-devel-linux-x86_64-fedora-gcc 0.1.2 57.83 OK
r-devel-windows-ix86+x86_64 0.1.2 20.00 60.00 80.00 OK
r-patched-linux-x86_64 0.1.2 4.33 40.59 44.92 OK
r-patched-osx-x86_64 0.1.2 WARN
r-patched-solaris-x86 0.1.2 88.10 OK
r-release-linux-x86_64 0.1.2 3.15 37.44 40.59 OK
r-release-windows-ix86+x86_64 0.1.2 20.00 81.00 101.00 OK
r-release-osx-x86_64 0.1.2 OK
r-oldrel-windows-ix86+x86_64 0.1.2 6.00 56.00 62.00 OK
r-oldrel-osx-x86_64 0.1.2 OK

Check Details

Version: 0.1.2
Check: package dependencies
Result: WARN
    Requires orphaned package: ‘bit’
Flavor: r-devel-linux-x86_64-fedora-clang

Version: 0.1.2
Check: re-building of vignette outputs
Result: WARN
    Error(s) in re-building vignettes:
    --- re-building ‘observer-vignette.Rmd’ using rmarkdown
    
    Attaching package: 'dplyr'
    
    The following objects are masked from 'package:stats':
    
     filter, lag
    
    The following objects are masked from 'package:base':
    
     intersect, setdiff, setequal, union
    
    dyld: lazy symbol binding failed: Symbol not found: ____chkstk_darwin
     Referenced from: /usr/local/bin/pandoc (which was built for Mac OS X 10.15)
     Expected in: /usr/lib/libSystem.B.dylib
    
    dyld: Symbol not found: ____chkstk_darwin
     Referenced from: /usr/local/bin/pandoc (which was built for Mac OS X 10.15)
     Expected in: /usr/lib/libSystem.B.dylib
    
    Error: processing vignette 'observer-vignette.Rmd' failed with diagnostics:
    pandoc document conversion failed with error 6
    --- failed re-building ‘observer-vignette.Rmd’
    
    SUMMARY: processing the following file failed:
     ‘observer-vignette.Rmd’
    
    Error: Vignette re-building failed.
    Execution halted
Flavor: r-patched-osx-x86_64