CRAN Package Check Results for Package nph

Last updated on 2020-04-25 01:53:09 CEST.

Flavor Version Tinstall Tcheck Ttotal Status Flags
r-devel-linux-x86_64-debian-clang 2.0 5.42 121.33 126.75 OK
r-devel-linux-x86_64-debian-gcc 2.0 4.44 92.87 97.31 OK
r-devel-linux-x86_64-fedora-clang 2.0 159.58 OK
r-devel-linux-x86_64-fedora-gcc 2.0 156.28 OK
r-devel-windows-ix86+x86_64 2.0 28.00 154.00 182.00 OK
r-patched-linux-x86_64 2.0 5.47 118.02 123.49 OK
r-patched-osx-x86_64 2.0 WARN
r-patched-solaris-x86 2.0 282.60 OK
r-release-linux-x86_64 2.0 4.62 115.84 120.46 OK
r-release-windows-ix86+x86_64 2.0 17.00 154.00 171.00 OK
r-release-osx-x86_64 2.0 OK
r-oldrel-windows-ix86+x86_64 2.0 8.00 193.00 201.00 OK
r-oldrel-osx-x86_64 2.0 OK

Check Details

Version: 2.0
Check: re-building of vignette outputs
Result: WARN
    Error(s) in re-building vignettes:
    --- re-building ‘examples.Rmd’ using rmarkdown
    dyld: lazy symbol binding failed: Symbol not found: ____chkstk_darwin
     Referenced from: /usr/local/bin/pandoc (which was built for Mac OS X 10.15)
     Expected in: /usr/lib/libSystem.B.dylib
    
    dyld: Symbol not found: ____chkstk_darwin
     Referenced from: /usr/local/bin/pandoc (which was built for Mac OS X 10.15)
     Expected in: /usr/lib/libSystem.B.dylib
    
    Error: processing vignette 'examples.Rmd' failed with diagnostics:
    pandoc document conversion failed with error 6
    --- failed re-building ‘examples.Rmd’
    
    --- re-building ‘usage.Rmd’ using rmarkdown
    dyld: lazy symbol binding failed: Symbol not found: ____chkstk_darwin
     Referenced from: /usr/local/bin/pandoc (which was built for Mac OS X 10.15)
     Expected in: /usr/lib/libSystem.B.dylib
    
    dyld: Symbol not found: ____chkstk_darwin
     Referenced from: /usr/local/bin/pandoc (which was built for Mac OS X 10.15)
     Expected in: /usr/lib/libSystem.B.dylib
    
    Error: processing vignette 'usage.Rmd' failed with diagnostics:
    pandoc document conversion failed with error 6
    --- failed re-building ‘usage.Rmd’
    
    SUMMARY: processing the following files failed:
     ‘examples.Rmd’ ‘usage.Rmd’
    
    Error: Vignette re-building failed.
    Execution halted
Flavor: r-patched-osx-x86_64