CRAN Package Check Results for Package notifyR

Last updated on 2020-04-25 01:53:09 CEST.

Flavor Version Tinstall Tcheck Ttotal Status Flags
r-devel-linux-x86_64-debian-clang 1.02 2.68 24.14 26.82 NOTE
r-devel-linux-x86_64-debian-gcc 1.02 2.16 19.31 21.47 NOTE
r-devel-linux-x86_64-fedora-clang 1.02 32.82 NOTE
r-devel-linux-x86_64-fedora-gcc 1.02 32.09 NOTE
r-devel-windows-ix86+x86_64 1.02 8.00 39.00 47.00 OK
r-patched-linux-x86_64 1.02 2.72 23.44 26.16 NOTE
r-patched-osx-x86_64 1.02 OK
r-patched-solaris-x86 1.02 53.20 OK
r-release-linux-x86_64 1.02 2.12 21.84 23.96 NOTE
r-release-windows-ix86+x86_64 1.02 4.00 34.00 38.00 OK
r-release-osx-x86_64 1.02 OK
r-oldrel-windows-ix86+x86_64 1.02 3.00 36.00 39.00 OK
r-oldrel-osx-x86_64 1.02 OK

Check Details

Version: 1.02
Check: Rd line widths
Result: NOTE
    Rd file 'notifyR-package.Rd':
     \examples lines wider than 100 characters:
     send_push(userkey,message="finished.",title="World Simulation",url="http://www.myRresults.com/",url_title="View Results online.",priori ... [TRUNCATED]
    
    Rd file 'send_push.Rd':
     \usage lines wider than 90 characters:
     send_push(user, message, title = "", device = "", url = "", url_title = "", priority = FALSE, timestamp = Sys.time())
     \examples lines wider than 100 characters:
     send_push(userkey,message="finished.",title="World Simulation",url="http://www.myRresults.com/",url_title="View Results online.",priori ... [TRUNCATED]
    
    These lines will be truncated in the PDF manual.
Flavors: r-devel-linux-x86_64-debian-clang, r-devel-linux-x86_64-debian-gcc, r-devel-linux-x86_64-fedora-clang, r-devel-linux-x86_64-fedora-gcc, r-patched-linux-x86_64, r-release-linux-x86_64