CRAN Package Check Results for Package noncompliance

Last updated on 2020-04-25 01:53:09 CEST.

Flavor Version Tinstall Tcheck Ttotal Status Flags
r-devel-linux-x86_64-debian-clang 0.2.2 23.27 52.55 75.82 OK
r-devel-linux-x86_64-debian-gcc 0.2.2 15.05 40.71 55.76 OK
r-devel-linux-x86_64-fedora-clang 0.2.2 93.24 NOTE
r-devel-linux-x86_64-fedora-gcc 0.2.2 89.09 NOTE
r-devel-windows-ix86+x86_64 0.2.2 57.00 135.00 192.00 OK
r-patched-linux-x86_64 0.2.2 19.15 49.92 69.07 OK
r-patched-osx-x86_64 0.2.2 OK
r-patched-solaris-x86 0.2.2 120.70 OK
r-release-linux-x86_64 0.2.2 19.19 47.22 66.41 OK
r-release-windows-ix86+x86_64 0.2.2 55.00 95.00 150.00 OK
r-release-osx-x86_64 0.2.2 OK
r-oldrel-windows-ix86+x86_64 0.2.2 34.00 147.00 181.00 OK
r-oldrel-osx-x86_64 0.2.2 OK

Check Details

Version: 0.2.2
Check: compiled code
Result: NOTE
    File ‘noncompliance/libs/noncompliance.so’:
     Found no calls to: ‘R_registerRoutines’, ‘R_useDynamicSymbols’
    
    It is good practice to register native routines and to disable symbol
    search.
    
    See ‘Writing portable packages’ in the ‘Writing R Extensions’ manual.
Flavors: r-devel-linux-x86_64-fedora-clang, r-devel-linux-x86_64-fedora-gcc