CRAN Package Check Results for Package noaaoceans

Last updated on 2020-04-25 01:53:09 CEST.

Flavor Version Tinstall Tcheck Ttotal Status Flags
r-devel-linux-x86_64-debian-clang 0.2.0 2.33 28.34 30.67 OK
r-devel-linux-x86_64-debian-gcc 0.2.0 1.86 22.47 24.33 OK
r-devel-linux-x86_64-fedora-clang 0.2.0 37.68 OK
r-devel-linux-x86_64-fedora-gcc 0.2.0 37.19 OK
r-devel-windows-ix86+x86_64 0.2.0 8.00 46.00 54.00 OK
r-patched-linux-x86_64 0.2.0 2.08 27.98 30.06 OK
r-patched-osx-x86_64 0.2.0 WARN
r-patched-solaris-x86 0.2.0 59.30 OK
r-release-linux-x86_64 0.2.0 1.47 26.24 27.71 OK
r-release-windows-ix86+x86_64 0.2.0 9.00 41.00 50.00 OK
r-release-osx-x86_64 0.2.0 OK
r-oldrel-windows-ix86+x86_64 0.2.0 2.00 57.00 59.00 OK
r-oldrel-osx-x86_64 0.2.0 OK

Check Details

Version: 0.2.0
Check: re-building of vignette outputs
Result: WARN
    Error(s) in re-building vignettes:
    --- re-building ‘getting_started.Rmd’ using rmarkdown
    Loading required package: testthat
    Loading required package: curl
    Tracing function "form_file" as seen from package "httr"
    
    Attaching package: 'dplyr'
    
    The following object is masked from 'package:testthat':
    
     matches
    
    The following objects are masked from 'package:stats':
    
     filter, lag
    
    The following objects are masked from 'package:base':
    
     intersect, setdiff, setequal, union
    
    dyld: lazy symbol binding failed: Symbol not found: ____chkstk_darwin
     Referenced from: /usr/local/bin/pandoc (which was built for Mac OS X 10.15)
     Expected in: /usr/lib/libSystem.B.dylib
    
    dyld: Symbol not found: ____chkstk_darwin
     Referenced from: /usr/local/bin/pandoc (which was built for Mac OS X 10.15)
     Expected in: /usr/lib/libSystem.B.dylib
    
    Error: processing vignette 'getting_started.Rmd' failed with diagnostics:
    pandoc document conversion failed with error 6
    --- failed re-building ‘getting_started.Rmd’
    
    SUMMARY: processing the following file failed:
     ‘getting_started.Rmd’
    
    Error: Vignette re-building failed.
    Execution halted
Flavor: r-patched-osx-x86_64