CRAN Package Check Results for Package nlsr

Last updated on 2020-04-25 01:53:09 CEST.

Flavor Version Tinstall Tcheck Ttotal Status Flags
r-devel-linux-x86_64-debian-clang 2019.9.7 3.29 57.66 60.95 OK
r-devel-linux-x86_64-debian-gcc 2019.9.7 2.77 45.77 48.54 OK
r-devel-linux-x86_64-fedora-clang 2019.9.7 77.52 OK
r-devel-linux-x86_64-fedora-gcc 2019.9.7 77.88 OK
r-devel-windows-ix86+x86_64 2019.9.7 11.00 83.00 94.00 OK
r-patched-linux-x86_64 2019.9.7 3.25 57.97 61.22 OK
r-patched-osx-x86_64 2019.9.7 OK
r-patched-solaris-x86 2019.9.7 81.90 OK
r-release-linux-x86_64 2019.9.7 2.54 55.00 57.54 OK
r-release-windows-ix86+x86_64 2019.9.7 8.00 79.00 87.00 OK
r-release-osx-x86_64 2019.9.7 OK
r-oldrel-windows-ix86+x86_64 2019.9.7 4.00 105.00 109.00 OK
r-oldrel-osx-x86_64 2019.9.7 WARN

Check Details

Version: 2019.9.7
Check: re-building of vignette outputs
Result: WARN
    Error in re-building vignettes:
     ...
     Pandoc (>= 1.12.3) and/or pandoc-citeproc not available. Falling back to R Markdown v1.
    Warning in engine$weave(file, quiet = quiet, encoding = enc) :
     Pandoc (>= 1.12.3) and/or pandoc-citeproc not available. Falling back to R Markdown v1.
    Loading required package: Ryacas
    
    Attaching package: 'Ryacas'
    
    The following object is masked from 'package:Deriv':
    
     Simplify
    
    The following object is masked from 'package:stats':
    
     deriv
    
    The following objects are masked from 'package:base':
    
     %*%, I, determinant, diag, diag<-, lower.tri, upper.tri
    
    Warning in engine$weave(file, quiet = quiet, encoding = enc) :
     Pandoc (>= 1.12.3) and/or pandoc-citeproc not available. Falling back to R Markdown v1.
    Quitting from lines 404-495 (nlsr-devdoc.Rmd)
    Error: processing vignette 'nlsr-devdoc.Rmd' failed with diagnostics:
    could not find function "optimr"
    Execution halted
Flavor: r-oldrel-osx-x86_64