CRAN Package Check Results for Package nhdR

Last updated on 2020-04-25 01:53:09 CEST.

Flavor Version Tinstall Tcheck Ttotal Status Flags
r-devel-linux-x86_64-debian-clang 0.5.3 13.61 132.40 146.01 OK
r-devel-linux-x86_64-debian-gcc 0.5.3 11.73 101.05 112.78 OK
r-devel-linux-x86_64-fedora-clang 0.5.3 177.06 OK
r-devel-linux-x86_64-fedora-gcc 0.5.3 178.43 OK
r-devel-windows-ix86+x86_64 0.5.3 54.00 147.00 201.00 OK
r-patched-linux-x86_64 0.5.3 13.85 126.51 140.36 OK
r-patched-osx-x86_64 0.5.3 WARN
r-patched-solaris-x86 0.5.3 288.70 OK
r-release-linux-x86_64 0.5.3 12.47 115.86 128.33 OK
r-release-windows-ix86+x86_64 0.5.3 37.00 132.00 169.00 OK
r-release-osx-x86_64 0.5.3 OK
r-oldrel-windows-ix86+x86_64 0.5.3 15.00 124.00 139.00 OK
r-oldrel-osx-x86_64 0.5.3 OK

Check Details

Version: 0.5.3
Check: re-building of vignette outputs
Result: WARN
    Error(s) in re-building vignettes:
    --- re-building ‘demo.Rmd’ using rmarkdown
    Loading required package: maps
    The 7-zip program is needed to unpack NHD downloads (http://www.7-zip.org/).
    dyld: lazy symbol binding failed: Symbol not found: ____chkstk_darwin
     Referenced from: /usr/local/bin/pandoc (which was built for Mac OS X 10.15)
     Expected in: /usr/lib/libSystem.B.dylib
    
    dyld: Symbol not found: ____chkstk_darwin
     Referenced from: /usr/local/bin/pandoc (which was built for Mac OS X 10.15)
     Expected in: /usr/lib/libSystem.B.dylib
    
    Error: processing vignette 'demo.Rmd' failed with diagnostics:
    pandoc document conversion failed with error 6
    --- failed re-building ‘demo.Rmd’
    
    --- re-building ‘flow.Rmd’ using rmarkdown
    Loading required package: maps
    The 7-zip program is needed to unpack NHD downloads (http://www.7-zip.org/).
    
    Attaching package: 'dplyr'
    
    The following objects are masked from 'package:stats':
    
     filter, lag
    
    The following objects are masked from 'package:base':
    
     intersect, setdiff, setequal, union
    
    Linking to GEOS 3.7.2, GDAL 2.4.2, PROJ 5.2.0
    dyld: lazy symbol binding failed: Symbol not found: ____chkstk_darwin
     Referenced from: /usr/local/bin/pandoc (which was built for Mac OS X 10.15)
     Expected in: /usr/lib/libSystem.B.dylib
    
    dyld: Symbol not found: ____chkstk_darwin
     Referenced from: /usr/local/bin/pandoc (which was built for Mac OS X 10.15)
     Expected in: /usr/lib/libSystem.B.dylib
    
    Error: processing vignette 'flow.Rmd' failed with diagnostics:
    pandoc document conversion failed with error 6
    --- failed re-building ‘flow.Rmd’
    
    --- re-building ‘network.Rmd’ using rmarkdown
    Loading required package: maps
    The 7-zip program is needed to unpack NHD downloads (http://www.7-zip.org/).
    
    Attaching package: 'dplyr'
    
    The following objects are masked from 'package:stats':
    
     filter, lag
    
    The following objects are masked from 'package:base':
    
     intersect, setdiff, setequal, union
    
    Linking to GEOS 3.7.2, GDAL 2.4.2, PROJ 5.2.0
    Warning in st_centroid.sf(mendota_lake) :
     st_centroid assumes attributes are constant over geometries of x
    Warning in st_centroid.sfc(st_geometry(x), of_largest_polygon = of_largest_polygon) :
     st_centroid does not give correct centroids for longitude/latitude data
    dyld: lazy symbol binding failed: Symbol not found: ____chkstk_darwin
     Referenced from: /usr/local/bin/pandoc (which was built for Mac OS X 10.15)
     Expected in: /usr/lib/libSystem.B.dylib
    
    dyld: Symbol not found: ____chkstk_darwin
     Referenced from: /usr/local/bin/pandoc (which was built for Mac OS X 10.15)
     Expected in: /usr/lib/libSystem.B.dylib
    
    Error: processing vignette 'network.Rmd' failed with diagnostics:
    pandoc document conversion failed with error 6
    --- failed re-building ‘network.Rmd’
    
    SUMMARY: processing the following files failed:
     ‘demo.Rmd’ ‘flow.Rmd’ ‘network.Rmd’
    
    Error: Vignette re-building failed.
    Execution halted
Flavor: r-patched-osx-x86_64