CRAN Package Check Results for Package neuroim

Last updated on 2020-04-25 01:53:09 CEST.

Flavor Version Tinstall Tcheck Ttotal Status Flags
r-devel-linux-x86_64-debian-clang 0.0.6 40.95 154.55 195.50 OK
r-devel-linux-x86_64-debian-gcc 0.0.6 29.30 117.17 146.47 OK
r-devel-linux-x86_64-fedora-clang 0.0.6 243.82 NOTE
r-devel-linux-x86_64-fedora-gcc 0.0.6 239.79 NOTE
r-devel-windows-ix86+x86_64 0.0.6 113.00 237.00 350.00 OK
r-patched-linux-x86_64 0.0.6 36.34 147.39 183.73 OK
r-patched-osx-x86_64 0.0.6 WARN
r-patched-solaris-x86 0.0.6 314.30 OK
r-release-linux-x86_64 0.0.6 32.02 134.83 166.85 OK
r-release-windows-ix86+x86_64 0.0.6 95.00 215.00 310.00 OK
r-release-osx-x86_64 0.0.6 WARN
r-oldrel-windows-ix86+x86_64 0.0.6 51.00 263.00 314.00 OK
r-oldrel-osx-x86_64 0.0.6 OK

Check Details

Version: 0.0.6
Check: compiled code
Result: NOTE
    File ‘neuroim/libs/neuroim.so’:
     Found no calls to: ‘R_registerRoutines’, ‘R_useDynamicSymbols’
    
    It is good practice to register native routines and to disable symbol
    search.
    
    See ‘Writing portable packages’ in the ‘Writing R Extensions’ manual.
Flavors: r-devel-linux-x86_64-fedora-clang, r-devel-linux-x86_64-fedora-gcc

Version: 0.0.6
Check: re-building of vignette outputs
Result: WARN
    Error(s) in re-building vignettes:
    --- re-building ‘FileIO.Rmd’ using rmarkdown
    Loading required package: stringr
    Loading required package: hash
    hash-2.2.6.1 provided by Decision Patterns
    
    Loading required package: grid
    dyld: lazy symbol binding failed: Symbol not found: ____chkstk_darwin
     Referenced from: /usr/local/bin/pandoc (which was built for Mac OS X 10.15)
     Expected in: /usr/lib/libSystem.B.dylib
    
    dyld: Symbol not found: ____chkstk_darwin
     Referenced from: /usr/local/bin/pandoc (which was built for Mac OS X 10.15)
     Expected in: /usr/lib/libSystem.B.dylib
    
    Error: processing vignette 'FileIO.Rmd' failed with diagnostics:
    pandoc document conversion failed with error 6
    --- failed re-building ‘FileIO.Rmd’
    
    --- re-building ‘neuroim.Rmd’ using rmarkdown
    Loading required package: stringr
    Loading required package: hash
    hash-2.2.6.1 provided by Decision Patterns
    
    Loading required package: grid
    dyld: lazy symbol binding failed: Symbol not found: ____chkstk_darwin
     Referenced from: /usr/local/bin/pandoc (which was built for Mac OS X 10.15)
     Expected in: /usr/lib/libSystem.B.dylib
    
    dyld: Symbol not found: ____chkstk_darwin
     Referenced from: /usr/local/bin/pandoc (which was built for Mac OS X 10.15)
     Expected in: /usr/lib/libSystem.B.dylib
    
    Error: processing vignette 'neuroim.Rmd' failed with diagnostics:
    pandoc document conversion failed with error 6
    --- failed re-building ‘neuroim.Rmd’
    
    --- re-building ‘regionOfInterest.Rmd’ using rmarkdown
    Loading required package: stringr
    Loading required package: hash
    hash-2.2.6.1 provided by Decision Patterns
    
    Loading required package: grid
    dyld: lazy symbol binding failed: Symbol not found: ____chkstk_darwin
     Referenced from: /usr/local/bin/pandoc (which was built for Mac OS X 10.15)
     Expected in: /usr/lib/libSystem.B.dylib
    
    dyld: Symbol not found: ____chkstk_darwin
     Referenced from: /usr/local/bin/pandoc (which was built for Mac OS X 10.15)
     Expected in: /usr/lib/libSystem.B.dylib
    
    Error: processing vignette 'regionOfInterest.Rmd' failed with diagnostics:
    pandoc document conversion failed with error 6
    --- failed re-building ‘regionOfInterest.Rmd’
    
    SUMMARY: processing the following files failed:
     ‘FileIO.Rmd’ ‘neuroim.Rmd’ ‘regionOfInterest.Rmd’
    
    Error: Vignette re-building failed.
    Execution halted
Flavor: r-patched-osx-x86_64

Version: 0.0.6
Check: whether package can be installed
Result: WARN
    Found the following significant warnings:
     Warning: 'rgl_init' failed, running with rgl.useNULL = TRUE
Flavor: r-release-osx-x86_64