CRAN Package Check Results for Package networkABC

Last updated on 2020-04-25 01:53:09 CEST.

Flavor Version Tinstall Tcheck Ttotal Status Flags
r-devel-linux-x86_64-debian-clang 0.7-0 6.61 49.41 56.02 OK
r-devel-linux-x86_64-debian-gcc 0.7-0 4.38 38.26 42.64 OK
r-devel-linux-x86_64-fedora-clang 0.7-0 72.02 OK
r-devel-linux-x86_64-fedora-gcc 0.7-0 70.07 OK
r-devel-windows-ix86+x86_64 0.7-0 28.00 79.00 107.00 OK
r-patched-linux-x86_64 0.7-0 5.23 47.90 53.13 OK
r-patched-osx-x86_64 0.7-0 WARN
r-patched-solaris-x86 0.7-0 114.50 OK
r-release-linux-x86_64 0.7-0 4.79 45.42 50.21 OK
r-release-windows-ix86+x86_64 0.7-0 22.00 74.00 96.00 OK
r-release-osx-x86_64 0.7-0 OK
r-oldrel-windows-ix86+x86_64 0.7-0 13.00 101.00 114.00 OK
r-oldrel-osx-x86_64 0.7-0 OK

Check Details

Version: 0.7-0
Check: re-building of vignette outputs
Result: WARN
    Error(s) in re-building vignettes:
     ...
    --- re-building ‘vignette.Rmd’ using rmarkdown
    `stat_bin()` using `bins = 30`. Pick better value with `binwidth`.
    dyld: lazy symbol binding failed: Symbol not found: ____chkstk_darwin
     Referenced from: /usr/local/bin/pandoc (which was built for Mac OS X 10.15)
     Expected in: /usr/lib/libSystem.B.dylib
    
    dyld: Symbol not found: ____chkstk_darwin
     Referenced from: /usr/local/bin/pandoc (which was built for Mac OS X 10.15)
     Expected in: /usr/lib/libSystem.B.dylib
    
    Error: processing vignette 'vignette.Rmd' failed with diagnostics:
    pandoc document conversion failed with error 6
    --- failed re-building ‘vignette.Rmd’
    
    SUMMARY: processing the following file failed:
     ‘vignette.Rmd’
    
    Error: Vignette re-building failed.
    Execution halted
Flavor: r-patched-osx-x86_64