CRAN Package Check Results for Package netmeta

Last updated on 2020-04-25 01:53:09 CEST.

Flavor Version Tinstall Tcheck Ttotal Status Flags
r-devel-linux-x86_64-debian-clang 1.2-1 24.11 319.94 344.05 OK
r-devel-linux-x86_64-debian-gcc 1.2-1 19.99 239.94 259.93 OK
r-devel-linux-x86_64-fedora-clang 1.2-1 400.78 NOTE
r-devel-linux-x86_64-fedora-gcc 1.2-1 422.54 NOTE
r-devel-windows-ix86+x86_64 1.2-1 60.00 314.00 374.00 OK
r-patched-linux-x86_64 1.2-1 23.29 316.63 339.92 OK
r-patched-osx-x86_64 1.2-1 NOTE
r-patched-solaris-x86 1.2-1 510.30 NOTE
r-release-linux-x86_64 1.2-1 21.27 279.57 300.84 OK
r-release-windows-ix86+x86_64 1.2-1 48.00 311.00 359.00 OK
r-release-osx-x86_64 1.2-1 NOTE
r-oldrel-windows-ix86+x86_64 1.2-1 26.00 392.00 418.00 OK
r-oldrel-osx-x86_64 1.2-0 NOTE

Check Details

Version: 1.2-1
Check: data for non-ASCII characters
Result: NOTE
     Note: found 1 marked UTF-8 string
Flavors: r-devel-linux-x86_64-fedora-clang, r-devel-linux-x86_64-fedora-gcc, r-patched-osx-x86_64, r-patched-solaris-x86, r-release-osx-x86_64

Version: 1.2-0
Check: dependencies in R code
Result: NOTE
    No protocol specified
Flavor: r-oldrel-osx-x86_64

Version: 1.2-0
Check: data for non-ASCII characters
Result: NOTE
     Note: found 1 marked UTF-8 string
Flavor: r-oldrel-osx-x86_64