Last updated on 2020-04-25 01:53:09 CEST.
Flavor | Version | Tinstall | Tcheck | Ttotal | Status | Flags |
---|---|---|---|---|---|---|
r-devel-linux-x86_64-debian-clang | 0.13.0 | 6.65 | 351.03 | 357.68 | NOTE | |
r-devel-linux-x86_64-debian-gcc | 0.13.0 | 6.12 | 311.54 | 317.66 | NOTE | |
r-devel-linux-x86_64-fedora-clang | 0.13.0 | 402.67 | NOTE | |||
r-devel-linux-x86_64-fedora-gcc | 0.13.0 | 424.22 | NOTE | |||
r-devel-windows-ix86+x86_64 | 0.13.0 | 24.00 | 234.00 | 258.00 | OK | --no-vignettes |
r-patched-linux-x86_64 | 0.13.0 | 7.63 | 324.26 | 331.89 | NOTE | |
r-patched-osx-x86_64 | 0.13.0 | OK | ||||
r-patched-solaris-x86 | 0.13.0 | 520.80 | NOTE | --no-build-vignettes | ||
r-release-linux-x86_64 | 0.13.0 | 5.91 | 287.48 | 293.39 | OK | |
r-release-windows-ix86+x86_64 | 0.13.0 | 19.00 | 154.00 | 173.00 | OK | --no-vignettes |
r-release-osx-x86_64 | 0.13.0 | OK | ||||
r-oldrel-windows-ix86+x86_64 | 0.13.0 | 8.00 | 201.00 | 209.00 | OK | --no-vignettes |
r-oldrel-osx-x86_64 | 0.13.0 | OK |
Version: 0.13.0
Check: for non-standard things in the check directory
Result: NOTE
Found the following files/directories:
'testNet.dot' 'toy_epi_sim.net'
Flavors: r-devel-linux-x86_64-debian-clang, r-devel-linux-x86_64-debian-gcc, r-devel-linux-x86_64-fedora-clang, r-devel-linux-x86_64-fedora-gcc, r-patched-linux-x86_64
Version: 0.13.0
Flags: --no-build-vignettes
Check: for non-standard things in the check directory
Result: NOTE
Found the following files/directories:
‘testNet.dot’ ‘toy_epi_sim.net’
Flavor: r-patched-solaris-x86