CRAN Package Check Results for Package ncdfgeom

Last updated on 2020-04-25 01:53:09 CEST.

Flavor Version Tinstall Tcheck Ttotal Status Flags
r-devel-linux-x86_64-debian-clang 1.1.0 6.85 89.19 96.04 OK
r-devel-linux-x86_64-debian-gcc 1.1.0 6.06 68.21 74.27 OK
r-devel-linux-x86_64-fedora-clang 1.1.0 121.06 OK
r-devel-linux-x86_64-fedora-gcc 1.1.0 115.47 OK
r-devel-windows-ix86+x86_64 1.1.0 25.00 99.00 124.00 OK
r-patched-linux-x86_64 1.1.0 6.71 85.74 92.45 OK
r-patched-osx-x86_64 1.1.0 WARN
r-patched-solaris-x86 1.1.0 169.60 OK
r-release-linux-x86_64 1.1.0 6.01 77.46 83.47 OK
r-release-windows-ix86+x86_64 1.1.0 21.00 98.00 119.00 OK
r-release-osx-x86_64 1.1.0 OK
r-oldrel-windows-ix86+x86_64 1.1.0 9.00 126.00 135.00 OK
r-oldrel-osx-x86_64 1.1.0 OK

Check Details

Version: 1.1.0
Check: re-building of vignette outputs
Result: WARN
    Error(s) in re-building vignettes:
    --- re-building ‘geometry.Rmd’ using rmarkdown
    dyld: lazy symbol binding failed: Symbol not found: ____chkstk_darwin
     Referenced from: /usr/local/bin/pandoc (which was built for Mac OS X 10.15)
     Expected in: /usr/lib/libSystem.B.dylib
    
    dyld: Symbol not found: ____chkstk_darwin
     Referenced from: /usr/local/bin/pandoc (which was built for Mac OS X 10.15)
     Expected in: /usr/lib/libSystem.B.dylib
    
    Error: processing vignette 'geometry.Rmd' failed with diagnostics:
    pandoc document conversion failed with error 6
    --- failed re-building ‘geometry.Rmd’
    
    --- re-building ‘ncdfgeom.Rmd’ using rmarkdown
    Linking to GEOS 3.7.2, GDAL 2.4.2, PROJ 5.2.0
    ── Attaching packages ─────────────────────────────────────── tidyverse 1.3.0 ──
    ✔ ggplot2 3.3.0 ✔ purrr 0.3.3
    ✔ tibble 2.1.3 ✔ dplyr 0.8.5
    ✔ tidyr 1.0.2 ✔ stringr 1.4.0
    ✔ readr 1.3.1 ✔ forcats 0.5.0
    ── Conflicts ────────────────────────────────────────── tidyverse_conflicts() ──
    ✖ dplyr::filter() masks stats::filter()
    ✖ dplyr::lag() masks stats::lag()
    ****Support Package****
    This package is a USGS-R Support package.
    see: https://owi.usgs.gov/R/packages.html#support
    Warning in create.nc(nc_file, large = TRUE) :
     Argument 'large' is deprecated; please specify 'format' instead
    dyld: lazy symbol binding failed: Symbol not found: ____chkstk_darwin
     Referenced from: /usr/local/bin/pandoc (which was built for Mac OS X 10.15)
     Expected in: /usr/lib/libSystem.B.dylib
    
    dyld: Symbol not found: ____chkstk_darwin
     Referenced from: /usr/local/bin/pandoc (which was built for Mac OS X 10.15)
     Expected in: /usr/lib/libSystem.B.dylib
    
    Error: processing vignette 'ncdfgeom.Rmd' failed with diagnostics:
    pandoc document conversion failed with error 6
    --- failed re-building ‘ncdfgeom.Rmd’
    
    --- re-building ‘timeseries.Rmd’ using rmarkdown
    dyld: lazy symbol binding failed: Symbol not found: ____chkstk_darwin
     Referenced from: /usr/local/bin/pandoc (which was built for Mac OS X 10.15)
     Expected in: /usr/lib/libSystem.B.dylib
    
    dyld: Symbol not found: ____chkstk_darwin
     Referenced from: /usr/local/bin/pandoc (which was built for Mac OS X 10.15)
     Expected in: /usr/lib/libSystem.B.dylib
    
    Error: processing vignette 'timeseries.Rmd' failed with diagnostics:
    pandoc document conversion failed with error 6
    --- failed re-building ‘timeseries.Rmd’
    
    SUMMARY: processing the following files failed:
     ‘geometry.Rmd’ ‘ncdfgeom.Rmd’ ‘timeseries.Rmd’
    
    Error: Vignette re-building failed.
    Execution halted
Flavor: r-patched-osx-x86_64