CRAN Package Check Results for Package nanostringr

Last updated on 2020-04-25 01:53:09 CEST.

Flavor Version Tinstall Tcheck Ttotal Status Flags
r-devel-linux-x86_64-debian-clang 0.1.4 2.42 41.13 43.55 OK
r-devel-linux-x86_64-debian-gcc 0.1.4 2.29 31.75 34.04 OK
r-devel-linux-x86_64-fedora-clang 0.1.4 53.66 OK
r-devel-linux-x86_64-fedora-gcc 0.1.4 52.61 OK
r-devel-windows-ix86+x86_64 0.1.4 11.00 56.00 67.00 OK
r-patched-linux-x86_64 0.1.4 2.72 39.91 42.63 OK
r-patched-osx-x86_64 0.1.4 WARN
r-patched-solaris-x86 0.1.4 77.00 OK
r-release-linux-x86_64 0.1.4 2.28 36.38 38.66 OK
r-release-windows-ix86+x86_64 0.1.4 10.00 53.00 63.00 OK
r-release-osx-x86_64 0.1.4 OK
r-oldrel-windows-ix86+x86_64 0.1.4 4.00 54.00 58.00 OK
r-oldrel-osx-x86_64 0.1.4 OK

Check Details

Version: 0.1.4
Check: re-building of vignette outputs
Result: WARN
    Error(s) in re-building vignettes:
     ...
    --- re-building ‘Overview.Rmd’ using rmarkdown
    dyld: lazy symbol binding failed: Symbol not found: ____chkstk_darwin
     Referenced from: /usr/local/bin/pandoc (which was built for Mac OS X 10.15)
     Expected in: /usr/lib/libSystem.B.dylib
    
    dyld: Symbol not found: ____chkstk_darwin
     Referenced from: /usr/local/bin/pandoc (which was built for Mac OS X 10.15)
     Expected in: /usr/lib/libSystem.B.dylib
    
    Error: processing vignette 'Overview.Rmd' failed with diagnostics:
    pandoc document conversion failed with error 6
    --- failed re-building ‘Overview.Rmd’
    
    SUMMARY: processing the following file failed:
     ‘Overview.Rmd’
    
    Error: Vignette re-building failed.
    Execution halted
Flavor: r-patched-osx-x86_64