CRAN Package Check Results for Package namer

Last updated on 2020-04-25 01:53:09 CEST.

Flavor Version Tinstall Tcheck Ttotal Status Flags
r-devel-linux-x86_64-debian-clang 0.1.5 1.95 28.38 30.33 OK
r-devel-linux-x86_64-debian-gcc 0.1.5 1.73 22.65 24.38 OK
r-devel-linux-x86_64-fedora-clang 0.1.5 37.83 OK
r-devel-linux-x86_64-fedora-gcc 0.1.5 37.65 OK
r-devel-windows-ix86+x86_64 0.1.5 10.00 41.00 51.00 OK
r-patched-linux-x86_64 0.1.5 2.21 27.79 30.00 OK
r-patched-osx-x86_64 0.1.5 ERROR
r-patched-solaris-x86 0.1.5 52.60 OK
r-release-linux-x86_64 0.1.5 1.69 25.95 27.64 OK
r-release-windows-ix86+x86_64 0.1.5 11.00 62.00 73.00 OK
r-release-osx-x86_64 0.1.5 OK
r-oldrel-windows-ix86+x86_64 0.1.5 3.00 42.00 45.00 OK
r-oldrel-osx-x86_64 0.1.5 OK

Check Details

Version: 0.1.5
Check: tests
Result: ERROR
     Running ‘testthat.R’ [4s/5s]
    Running the tests in ‘tests/testthat.R’ failed.
    Last 13 lines of output:
     2. rmarkdown:::convert(output_file, run_citeproc)
     3. rmarkdown::pandoc_convert(...)
    
     ══ testthat results ═══════════════════════════════════════════════════════════
     [ OK: 15 | SKIPPED: 0 | WARNINGS: 0 | FAILED: 7 ]
     1. Error: unname_all_chunks works in case is.null(chunk_name_prefix) == TRUE (@test-unname_all_chunks.R#24)
     2. Failure: unname_all_chunks works in case is.null(chunk_name_prefix) == FALSE (@test-unname_all_chunks.R#53)
     3. Error: unname_all_chunks works in case is.null(chunk_name_prefix) == FALSE (@test-unname_all_chunks.R#56)
     4. Failure: unname_all_chunks works in case chunk_name_prefix == 'setup' (@test-unname_all_chunks.R#85)
     5. Failure: unname_all_chunks works in case chunk_name_prefix == 'setup' (@test-unname_all_chunks.R#86)
     6. Failure: unname_all_chunks works in case chunk_name_prefix == 'setup' (@test-unname_all_chunks.R#87)
     7. Error: unname_all_chunks works in case chunk_name_prefix == 'setup' (@test-unname_all_chunks.R#90)
    
     Error: testthat unit tests failed
     Execution halted
Flavor: r-patched-osx-x86_64

Version: 0.1.5
Check: re-building of vignette outputs
Result: WARN
    Error(s) in re-building vignettes:
     ...
    --- re-building ‘namer.Rmd’ using rmarkdown
    dyld: lazy symbol binding failed: Symbol not found: ____chkstk_darwin
     Referenced from: /usr/local/bin/pandoc (which was built for Mac OS X 10.15)
     Expected in: /usr/lib/libSystem.B.dylib
    
    dyld: Symbol not found: ____chkstk_darwin
     Referenced from: /usr/local/bin/pandoc (which was built for Mac OS X 10.15)
     Expected in: /usr/lib/libSystem.B.dylib
    
    Error: processing vignette 'namer.Rmd' failed with diagnostics:
    pandoc document conversion failed with error 6
    --- failed re-building ‘namer.Rmd’
    
    SUMMARY: processing the following file failed:
     ‘namer.Rmd’
    
    Error: Vignette re-building failed.
    Execution halted
Flavor: r-patched-osx-x86_64