CRAN Package Check Results for Package mvord

Last updated on 2020-04-25 01:53:09 CEST.

Flavor Version Tinstall Tcheck Ttotal Status Flags
r-devel-linux-x86_64-debian-clang 1.0.0 13.97 174.00 187.97 OK
r-devel-linux-x86_64-debian-gcc 1.0.0 12.02 133.97 145.99 OK
r-devel-linux-x86_64-fedora-clang 1.0.0 225.13 OK
r-devel-linux-x86_64-fedora-gcc 1.0.0 227.96 OK
r-devel-windows-ix86+x86_64 1.0.0 34.00 261.00 295.00 OK
r-patched-linux-x86_64 1.0.0 11.70 170.99 182.69 OK
r-patched-osx-x86_64 1.0.0 OK
r-patched-solaris-x86 1.0.0 305.00 OK
r-release-linux-x86_64 1.0.0 12.92 158.18 171.10 OK
r-release-windows-ix86+x86_64 1.0.0 30.00 239.00 269.00 OK
r-release-osx-x86_64 1.0.0 NOTE
r-oldrel-windows-ix86+x86_64 1.0.0 17.00 233.00 250.00 OK
r-oldrel-osx-x86_64 0.3.6 NOTE

Check Details

Version: 1.0.0
Check: re-building of vignette outputs
Result: NOTE
    Error(s) in re-building vignettes:
    --- re-building ‘vignette_mvord2.Rmd’ using rmarkdown
    Warning in engine$weave(file, quiet = quiet, encoding = enc) :
     Pandoc (>= 1.12.3) and/or pandoc-citeproc not available. Falling back to R Markdown v1.
    Loading required package: minqa
    Loading required package: BB
    Loading required package: ucminf
    Loading required package: dfoptim
    --- finished re-building ‘vignette_mvord2.Rmd’
    
    --- re-building ‘vignette_mvord.Rnw’ using Sweave
    Loading required package: minqa
    Loading required package: BB
    Loading required package: ucminf
    Loading required package: dfoptim
    Error: processing vignette 'vignette_mvord.Rnw' failed with diagnostics:
    Running 'texi2dvi' on 'vignette_mvord.tex' failed.
    LaTeX errors:
    !pdfTeX error: pdflatex (file bbm10): Font bbm10 at 657 not found
     ==> Fatal error occurred, no output PDF file produced!
    --- failed re-building 'vignette_mvord.Rnw'
    
    SUMMARY: processing the following file failed:
     ‘vignette_mvord.Rnw’
    
    Error: Vignette re-building failed.
    Execution halted
Flavor: r-release-osx-x86_64

Version: 0.3.6
Check: re-building of vignette outputs
Result: NOTE
    Error in re-building vignettes:
     ...
    Warning in engine$weave(file, quiet = quiet, encoding = enc) :
     Pandoc (>= 1.12.3) and/or pandoc-citeproc not available. Falling back to R Markdown v1.
    Error in texi2dvi(file = file, pdf = TRUE, clean = clean, quiet = quiet, :
     Running 'texi2dvi' on 'vignette_mvord.tex' failed.
    LaTeX errors:
    !pdfTeX error: pdflatex (file bbm10): Font bbm10 at 657 not found
     ==> Fatal error occurred, no output PDF file produced!
    Calls: buildVignettes -> texi2pdf -> texi2dvi
    Execution halted
Flavor: r-oldrel-osx-x86_64