CRAN Package Check Results for Package mustashe

Last updated on 2020-04-25 01:53:08 CEST.

Flavor Version Tinstall Tcheck Ttotal Status Flags
r-devel-linux-x86_64-debian-clang 0.1.2 2.04 26.48 28.52 OK
r-devel-linux-x86_64-debian-gcc 0.1.2 1.50 21.42 22.92 OK
r-devel-linux-x86_64-fedora-clang 0.1.2 36.62 OK
r-devel-linux-x86_64-fedora-gcc 0.1.2 37.68 OK
r-devel-windows-ix86+x86_64 0.1.1 8.00 54.00 62.00 OK
r-patched-linux-x86_64 0.1.2 2.16 26.28 28.44 OK
r-patched-osx-x86_64 0.1.1 ERROR
r-patched-solaris-x86 0.1.2 48.80 OK
r-release-linux-x86_64 0.1.2 1.62 24.39 26.01 OK
r-release-windows-ix86+x86_64 0.1.2 6.00 70.00 76.00 OK
r-release-osx-x86_64 0.1.2 OK
r-oldrel-windows-ix86+x86_64 0.1.2 2.00 48.00 50.00 OK

Check Details

Version: 0.1.1
Check: tests
Result: ERROR
     Running ‘spelling.R’ [0s/0s]
     Running ‘testthat.R’ [1s/3s]
    Running the tests in ‘tests/testthat.R’ failed.
    Last 13 lines of output:
     >
     > test_check("mustashe")
     ── 1. Failure: stashing works (@test-stash.R#53) ──────────────────────────────
     file_time(file.path(target_dir, "a.rds")) == old_rds_time isn't false.
    
     ── 2. Failure: stashing works (@test-stash.R#54) ──────────────────────────────
     file_time(file.path(target_dir, "a.hash")) == old_hash_time isn't false.
    
     ══ testthat results ═══════════════════════════════════════════════════════════
     [ OK: 54 | SKIPPED: 0 | WARNINGS: 0 | FAILED: 2 ]
     1. Failure: stashing works (@test-stash.R#53)
     2. Failure: stashing works (@test-stash.R#54)
    
     Error: testthat unit tests failed
     Execution halted
Flavor: r-patched-osx-x86_64

Version: 0.1.1
Check: re-building of vignette outputs
Result: WARN
    Error(s) in re-building vignettes:
    --- re-building ‘getting-started.Rmd’ using rmarkdown
    dyld: lazy symbol binding failed: Symbol not found: ____chkstk_darwin
     Referenced from: /usr/local/bin/pandoc (which was built for Mac OS X 10.15)
     Expected in: /usr/lib/libSystem.B.dylib
    
    dyld: Symbol not found: ____chkstk_darwin
     Referenced from: /usr/local/bin/pandoc (which was built for Mac OS X 10.15)
     Expected in: /usr/lib/libSystem.B.dylib
    
    Error: processing vignette 'getting-started.Rmd' failed with diagnostics:
    pandoc document conversion failed with error 6
    --- failed re-building ‘getting-started.Rmd’
    
    --- re-building ‘how-mustashe-works.Rmd’ using rmarkdown
    dyld: lazy symbol binding failed: Symbol not found: ____chkstk_darwin
     Referenced from: /usr/local/bin/pandoc (which was built for Mac OS X 10.15)
     Expected in: /usr/lib/libSystem.B.dylib
    
    dyld: Symbol not found: ____chkstk_darwin
     Referenced from: /usr/local/bin/pandoc (which was built for Mac OS X 10.15)
     Expected in: /usr/lib/libSystem.B.dylib
    
    Error: processing vignette 'how-mustashe-works.Rmd' failed with diagnostics:
    pandoc document conversion failed with error 6
    --- failed re-building ‘how-mustashe-works.Rmd’
    
    SUMMARY: processing the following files failed:
     ‘getting-started.Rmd’ ‘how-mustashe-works.Rmd’
    
    Error: Vignette re-building failed.
    Execution halted
Flavor: r-patched-osx-x86_64