CRAN Package Check Results for Package musica

Last updated on 2020-04-25 01:53:08 CEST.

Flavor Version Tinstall Tcheck Ttotal Status Flags
r-devel-linux-x86_64-debian-clang 0.1.3 10.33 95.29 105.62 OK
r-devel-linux-x86_64-debian-gcc 0.1.3 8.91 74.21 83.12 OK
r-devel-linux-x86_64-fedora-clang 0.1.3 119.27 OK
r-devel-linux-x86_64-fedora-gcc 0.1.3 121.43 OK
r-devel-windows-ix86+x86_64 0.1.3 25.00 92.00 117.00 OK
r-patched-linux-x86_64 0.1.3 10.29 91.11 101.40 OK
r-patched-osx-x86_64 0.1.3 WARN
r-patched-solaris-x86 0.1.3 172.50 OK
r-release-linux-x86_64 0.1.3 8.18 85.80 93.98 OK
r-release-windows-ix86+x86_64 0.1.3 20.00 86.00 106.00 OK
r-release-osx-x86_64 0.1.3 OK
r-oldrel-windows-ix86+x86_64 0.1.3 10.00 121.00 131.00 OK
r-oldrel-osx-x86_64 0.1.3 OK

Check Details

Version: 0.1.3
Check: re-building of vignette outputs
Result: WARN
    Error(s) in re-building vignettes:
     ...
    --- re-building ‘using_musica.Rmd’ using rmarkdown
    dyld: lazy symbol binding failed: Symbol not found: ____chkstk_darwin
     Referenced from: /usr/local/bin/pandoc (which was built for Mac OS X 10.15)
     Expected in: /usr/lib/libSystem.B.dylib
    
    dyld: Symbol not found: ____chkstk_darwin
     Referenced from: /usr/local/bin/pandoc (which was built for Mac OS X 10.15)
     Expected in: /usr/lib/libSystem.B.dylib
    
    Error: processing vignette 'using_musica.Rmd' failed with diagnostics:
    pandoc document conversion failed with error 6
    --- failed re-building ‘using_musica.Rmd’
    
    SUMMARY: processing the following file failed:
     ‘using_musica.Rmd’
    
    Error: Vignette re-building failed.
    Execution halted
Flavor: r-patched-osx-x86_64