CRAN Package Check Results for Package multilevelTools

Last updated on 2020-04-25 01:53:08 CEST.

Flavor Version Tinstall Tcheck Ttotal Status Flags
r-devel-linux-x86_64-debian-clang 0.1.1 19.84 235.43 255.27 OK
r-devel-linux-x86_64-debian-gcc 0.1.1 15.48 172.98 188.46 OK
r-devel-linux-x86_64-fedora-clang 0.1.1 283.02 OK
r-devel-linux-x86_64-fedora-gcc 0.1.1 278.34 OK
r-devel-windows-ix86+x86_64 0.1.1 75.00 212.00 287.00 OK
r-patched-linux-x86_64 0.1.1 16.79 211.82 228.61 OK
r-patched-osx-x86_64 0.1.1 WARN
r-patched-solaris-x86 0.1.1 381.10 OK
r-release-linux-x86_64 0.1.1 11.00 193.96 204.96 OK
r-release-windows-ix86+x86_64 0.1.1 46.00 190.00 236.00 OK
r-release-osx-x86_64 0.1.1 OK
r-oldrel-windows-ix86+x86_64 0.1.1 22.00 275.00 297.00 OK
r-oldrel-osx-x86_64 0.1.1 OK

Check Details

Version: 0.1.1
Check: re-building of vignette outputs
Result: WARN
    Error(s) in re-building vignettes:
     ...
    --- re-building ‘lmer-vignette.Rmd’ using rmarkdown
    dyld: lazy symbol binding failed: Symbol not found: ____chkstk_darwin
     Referenced from: /usr/local/bin/pandoc (which was built for Mac OS X 10.15)
     Expected in: /usr/lib/libSystem.B.dylib
    
    dyld: Symbol not found: ____chkstk_darwin
     Referenced from: /usr/local/bin/pandoc (which was built for Mac OS X 10.15)
     Expected in: /usr/lib/libSystem.B.dylib
    
    Error: processing vignette 'lmer-vignette.Rmd' failed with diagnostics:
    pandoc document conversion failed with error 6
    --- failed re-building ‘lmer-vignette.Rmd’
    
    SUMMARY: processing the following file failed:
     ‘lmer-vignette.Rmd’
    
    Error: Vignette re-building failed.
    Execution halted
Flavor: r-patched-osx-x86_64