CRAN Package Check Results for Package muhaz

Last updated on 2020-04-25 01:53:08 CEST.

Flavor Version Tinstall Tcheck Ttotal Status Flags
r-devel-linux-x86_64-debian-clang 1.2.6.1 7.92 55.87 63.79 OK
r-devel-linux-x86_64-debian-gcc 1.2.6.1 7.40 45.20 52.60 OK
r-devel-linux-x86_64-fedora-clang 1.2.6.1 77.00 NOTE
r-devel-linux-x86_64-fedora-gcc 1.2.6.1 77.97 NOTE
r-devel-windows-ix86+x86_64 1.2.6.1 21.00 77.00 98.00 OK
r-patched-linux-x86_64 1.2.6.1 8.16 54.90 63.06 OK
r-patched-osx-x86_64 1.2.6.1 OK
r-patched-solaris-x86 1.2.6.1 122.30 OK
r-release-linux-x86_64 1.2.6.1 8.24 50.40 58.64 OK
r-release-windows-ix86+x86_64 1.2.6.1 20.00 77.00 97.00 OK
r-release-osx-x86_64 1.2.6.1 OK
r-oldrel-windows-ix86+x86_64 1.2.6.1 10.00 100.00 110.00 OK
r-oldrel-osx-x86_64 1.2.6.1 OK

Check Details

Version: 1.2.6.1
Check: compiled code
Result: NOTE
    File ‘muhaz/libs/muhaz.so’:
     Found no calls to: ‘R_registerRoutines’, ‘R_useDynamicSymbols’
    
    It is good practice to register native routines and to disable symbol
    search.
    
    See ‘Writing portable packages’ in the ‘Writing R Extensions’ manual.
Flavors: r-devel-linux-x86_64-fedora-clang, r-devel-linux-x86_64-fedora-gcc