CRAN Package Check Results for Package muHVT

Last updated on 2020-04-25 01:53:08 CEST.

Flavor Version Tinstall Tcheck Ttotal Status Flags
r-devel-linux-x86_64-debian-clang 1.0.1 8.04 428.36 436.40 OK
r-devel-linux-x86_64-debian-gcc 1.0.1 6.31 319.67 325.98 OK
r-devel-linux-x86_64-fedora-clang 1.0.1 255.75 NOTE
r-devel-linux-x86_64-fedora-gcc 1.0.1 222.67 NOTE
r-devel-windows-ix86+x86_64 1.0.1 33.00 187.00 220.00 OK
r-patched-linux-x86_64 1.0.1 7.35 406.14 413.49 OK
r-patched-osx-x86_64 1.0.1 WARN
r-patched-solaris-x86 1.0.1 330.80 NOTE
r-release-linux-x86_64 1.0.1 5.11 393.09 398.20 OK
r-release-windows-ix86+x86_64 1.0.1 21.00 172.00 193.00 OK
r-release-osx-x86_64 1.0.1 NOTE
r-oldrel-windows-ix86+x86_64 1.0.1 8.00 197.00 205.00 OK
r-oldrel-osx-x86_64 1.0.1 NOTE

Check Details

Version: 1.0.1
Check: dependencies in R code
Result: NOTE
    Namespace in Imports field not imported from: ‘gtools’
     All declared Imports should be used.
Flavors: r-devel-linux-x86_64-fedora-clang, r-devel-linux-x86_64-fedora-gcc, r-patched-osx-x86_64, r-patched-solaris-x86, r-release-osx-x86_64, r-oldrel-osx-x86_64

Version: 1.0.1
Check: re-building of vignette outputs
Result: WARN
    Error(s) in re-building vignettes:
    --- re-building ‘muHVT.Rmd’ using rmarkdown
    Loading required namespace: deldir
    Loading required namespace: Hmisc
    Loading required namespace: splancs
    Loading required namespace: conf.design
    
     PLEASE NOTE: The components "delsgs" and "summary" of the
     object returned by deldir() are now DATA FRAMES rather than
     matrices (as they were prior to release 0.0-18).
     See help("deldir").
    
     PLEASE NOTE: The process that deldir() uses for determining
     duplicated points has changed from that used in version
     0.0-9 of this package (and previously). See help("deldir").
    
    
    Scale for 'colour' is already present. Adding another scale for 'colour',
    which will replace the existing scale.
    Loading required namespace: polyclip
    Loading required namespace: rgeos
    Scale for 'colour' is already present. Adding another scale for 'colour',
    which will replace the existing scale.
    Scale for 'size' is already present. Adding another scale for 'size', which
    will replace the existing scale.
    Scale for 'colour' is already present. Adding another scale for 'colour',
    which will replace the existing scale.
    Scale for 'colour' is already present. Adding another scale for 'colour',
    which will replace the existing scale.
    Scale for 'size' is already present. Adding another scale for 'size', which
    will replace the existing scale.
    Scale for 'x' is already present. Adding another scale for 'x', which will
    replace the existing scale.
    Scale for 'y' is already present. Adding another scale for 'y', which will
    replace the existing scale.
    Scale for 'colour' is already present. Adding another scale for 'colour',
    which will replace the existing scale.
    Scale for 'size' is already present. Adding another scale for 'size', which
    will replace the existing scale.
    Scale for 'colour' is already present. Adding another scale for 'colour',
    which will replace the existing scale.
    Scale for 'size' is already present. Adding another scale for 'size', which
    will replace the existing scale.
    Scale for 'colour' is already present. Adding another scale for 'colour',
    which will replace the existing scale.
    Scale for 'colour' is already present. Adding another scale for 'colour',
    which will replace the existing scale.
    Scale for 'size' is already present. Adding another scale for 'size', which
    will replace the existing scale.
    Scale for 'colour' is already present. Adding another scale for 'colour',
    which will replace the existing scale.
    Scale for 'size' is already present. Adding another scale for 'size', which
    will replace the existing scale.
    Scale for 'x' is already present. Adding another scale for 'x', which will
    replace the existing scale.
    Scale for 'y' is already present. Adding another scale for 'y', which will
    replace the existing scale.
    Scale for 'x' is already present. Adding another scale for 'x', which will
    replace the existing scale.
    Scale for 'y' is already present. Adding another scale for 'y', which will
    replace the existing scale.
    Scale for 'colour' is already present. Adding another scale for 'colour',
    which will replace the existing scale.
    Scale for 'size' is already present. Adding another scale for 'size', which
    will replace the existing scale.
    Scale for 'x' is already present. Adding another scale for 'x', which will
    replace the existing scale.
    Scale for 'y' is already present. Adding another scale for 'y', which will
    replace the existing scale.
    Scale for 'colour' is already present. Adding another scale for 'colour',
    which will replace the existing scale.
    Scale for 'size' is already present. Adding another scale for 'size', which
    will replace the existing scale.
    Scale for 'colour' is already present. Adding another scale for 'colour',
    which will replace the existing scale.
    Scale for 'size' is already present. Adding another scale for 'size', which
    will replace the existing scale.
    Scale for 'x' is already present. Adding another scale for 'x', which will
    replace the existing scale.
    Scale for 'y' is already present. Adding another scale for 'y', which will
    replace the existing scale.
    Scale for 'x' is already present. Adding another scale for 'x', which will
    replace the existing scale.
    Scale for 'y' is already present. Adding another scale for 'y', which will
    replace the existing scale.
    Scale for 'colour' is already present. Adding another scale for 'colour',
    which will replace the existing scale.
    Scale for 'size' is already present. Adding another scale for 'size', which
    will replace the existing scale.
    Scale for 'x' is already present. Adding another scale for 'x', which will
    replace the existing scale.
    Scale for 'y' is already present. Adding another scale for 'y', which will
    replace the existing scale.
    Scale for 'colour' is already present. Adding another scale for 'colour',
    which will replace the existing scale.
    Scale for 'size' is already present. Adding another scale for 'size', which
    will replace the existing scale.
    Scale for 'colour' is already present. Adding another scale for 'colour',
    which will replace the existing scale.
    Scale for 'size' is already present. Adding another scale for 'size', which
    will replace the existing scale.
    Scale for 'x' is already present. Adding another scale for 'x', which will
    replace the existing scale.
    Scale for 'y' is already present. Adding another scale for 'y', which will
    replace the existing scale.
    Scale for 'x' is already present. Adding another scale for 'x', which will
    replace the existing scale.
    Scale for 'y' is already present. Adding another scale for 'y', which will
    replace the existing scale.
    Scale for 'colour' is already present. Adding another scale for 'colour',
    which will replace the existing scale.
    Scale for 'size' is already present. Adding another scale for 'size', which
    will replace the existing scale.
    Scale for 'colour' is already present. Adding another scale for 'colour',
    which will replace the existing scale.
    Scale for 'size' is already present. Adding another scale for 'size', which
    will replace the existing scale.
    Scale for 'x' is already present. Adding another scale for 'x', which will
    replace the existing scale.
    Scale for 'y' is already present. Adding another scale for 'y', which will
    replace the existing scale.
    Scale for 'x' is already present. Adding another scale for 'x', which will
    replace the existing scale.
    Scale for 'y' is already present. Adding another scale for 'y', which will
    replace the existing scale.
    Scale for 'x' is already present. Adding another scale for 'x', which will
    replace the existing scale.
    Scale for 'y' is already present. Adding another scale for 'y', which will
    replace the existing scale.
    Scale for 'colour' is already present. Adding another scale for 'colour',
    which will replace the existing scale.
    Scale for 'size' is already present. Adding another scale for 'size', which
    will replace the existing scale.
    Scale for 'colour' is already present. Adding another scale for 'colour',
    which will replace the existing scale.
    Scale for 'size' is already present. Adding another scale for 'size', which
    will replace the existing scale.
    Scale for 'x' is already present. Adding another scale for 'x', which will
    replace the existing scale.
    Scale for 'y' is already present. Adding another scale for 'y', which will
    replace the existing scale.
    Scale for 'x' is already present. Adding another scale for 'x', which will
    replace the existing scale.
    Scale for 'y' is already present. Adding another scale for 'y', which will
    replace the existing scale.
    Scale for 'x' is already present. Adding another scale for 'x', which will
    replace the existing scale.
    Scale for 'y' is already present. Adding another scale for 'y', which will
    replace the existing scale.
    Scale for 'colour' is already present. Adding another scale for 'colour',
    which will replace the existing scale.
    Scale for 'colour' is already present. Adding another scale for 'colour',
    which will replace the existing scale.
    Scale for 'colour' is already present. Adding another scale for 'colour',
    which will replace the existing scale.
    Scale for 'colour' is already present. Adding another scale for 'colour',
    which will replace the existing scale.
    Scale for 'size' is already present. Adding another scale for 'size', which
    will replace the existing scale.
    Scale for 'colour' is already present. Adding another scale for 'colour',
    which will replace the existing scale.
    Scale for 'colour' is already present. Adding another scale for 'colour',
    which will replace the existing scale.
    Scale for 'size' is already present. Adding another scale for 'size', which
    will replace the existing scale.
    Scale for 'x' is already present. Adding another scale for 'x', which will
    replace the existing scale.
    Scale for 'y' is already present. Adding another scale for 'y', which will
    replace the existing scale.
    dyld: lazy symbol binding failed: Symbol not found: ____chkstk_darwin
     Referenced from: /usr/local/bin/pandoc (which was built for Mac OS X 10.15)
     Expected in: /usr/lib/libSystem.B.dylib
    
    dyld: Symbol not found: ____chkstk_darwin
     Referenced from: /usr/local/bin/pandoc (which was built for Mac OS X 10.15)
     Expected in: /usr/lib/libSystem.B.dylib
    
    Error: processing vignette 'muHVT.Rmd' failed with diagnostics:
    pandoc document conversion failed with error 6
    --- failed re-building ‘muHVT.Rmd’
    
    SUMMARY: processing the following file failed:
     ‘muHVT.Rmd’
    
    Error: Vignette re-building failed.
    Execution halted
Flavor: r-patched-osx-x86_64