CRAN Package Check Results for Package mstrio

Last updated on 2020-04-25 01:53:08 CEST.

Flavor Version Tinstall Tcheck Ttotal Status Flags
r-devel-linux-x86_64-debian-clang 11.2.1 10.07 43.69 53.76 OK
r-devel-linux-x86_64-debian-gcc 11.2.1 9.82 33.78 43.60 OK
r-devel-linux-x86_64-fedora-clang 11.2.1 65.17 NOTE
r-devel-linux-x86_64-fedora-gcc 11.2.1 64.88 NOTE
r-devel-windows-ix86+x86_64 11.2.1 34.00 57.00 91.00 OK
r-patched-linux-x86_64 11.2.1 10.44 42.59 53.03 OK
r-patched-osx-x86_64 11.2.1 WARN
r-patched-solaris-x86 11.2.1 101.30 NOTE
r-release-linux-x86_64 11.2.1 9.06 39.10 48.16 OK
r-release-windows-ix86+x86_64 11.2.1 24.00 49.00 73.00 OK
r-release-osx-x86_64 11.2.1 NOTE
r-oldrel-windows-ix86+x86_64 11.2.1 12.00 74.00 86.00 OK
r-oldrel-osx-x86_64 11.2.0 NOTE

Check Details

Version: 11.2.1
Check: dependencies in R code
Result: NOTE
    Namespace in Imports field not imported from: ‘miniUI’
     All declared Imports should be used.
Flavors: r-devel-linux-x86_64-fedora-clang, r-devel-linux-x86_64-fedora-gcc, r-patched-osx-x86_64, r-patched-solaris-x86, r-release-osx-x86_64

Version: 11.2.1
Check: re-building of vignette outputs
Result: WARN
    Error(s) in re-building vignettes:
     ...
    --- re-building ‘mstrio.Rmd’ using rmarkdown
    dyld: lazy symbol binding failed: Symbol not found: ____chkstk_darwin
     Referenced from: /usr/local/bin/pandoc (which was built for Mac OS X 10.15)
     Expected in: /usr/lib/libSystem.B.dylib
    
    dyld: Symbol not found: ____chkstk_darwin
     Referenced from: /usr/local/bin/pandoc (which was built for Mac OS X 10.15)
     Expected in: /usr/lib/libSystem.B.dylib
    
    Error: processing vignette 'mstrio.Rmd' failed with diagnostics:
    pandoc document conversion failed with error 6
    --- failed re-building ‘mstrio.Rmd’
    
    SUMMARY: processing the following file failed:
     ‘mstrio.Rmd’
    
    Error: Vignette re-building failed.
    Execution halted
Flavor: r-patched-osx-x86_64

Version: 11.2.0
Check: dependencies in R code
Result: NOTE
    Namespace in Imports field not imported from: ‘miniUI’
     All declared Imports should be used.
Flavor: r-oldrel-osx-x86_64