CRAN Package Check Results for Package mrMLM.GUI

Last updated on 2020-04-25 01:53:08 CEST.

Flavor Version Tinstall Tcheck Ttotal Status Flags
r-devel-linux-x86_64-debian-clang 4.0 22.95 158.91 181.86 OK
r-devel-linux-x86_64-debian-gcc 4.0 18.97 121.10 140.07 OK
r-devel-linux-x86_64-fedora-clang 4.0 218.76 OK
r-devel-linux-x86_64-fedora-gcc 4.0 222.18 OK
r-devel-windows-ix86+x86_64 4.0 69.00 176.00 245.00 OK
r-patched-linux-x86_64 4.0 22.34 152.37 174.71 OK
r-patched-osx-x86_64 4.0 OK
r-patched-solaris-x86 4.0 376.00 NOTE
r-release-linux-x86_64 4.0 20.59 138.63 159.22 OK
r-release-windows-ix86+x86_64 4.0 52.00 160.00 212.00 OK
r-release-osx-x86_64 4.0 OK
r-oldrel-windows-ix86+x86_64 4.0 27.00 218.00 245.00 OK
r-oldrel-osx-x86_64 4.0 OK

Check Details

Version: 4.0
Check: installed package size
Result: NOTE
     installed size is 5.4Mb
     sub-directories of 1Mb or more:
     extdata 3.8Mb
Flavor: r-patched-solaris-x86