CRAN Package Check Results for Package motmot

Last updated on 2020-04-25 01:53:08 CEST.

Flavor Version Tinstall Tcheck Ttotal Status Flags
r-devel-linux-x86_64-debian-clang 2.1.3 17.60 242.59 260.19 OK
r-devel-linux-x86_64-debian-gcc 2.1.3 16.58 184.12 200.70 OK
r-devel-linux-x86_64-fedora-clang 2.1.3 309.15 OK
r-devel-linux-x86_64-fedora-gcc 2.1.3 301.18 OK
r-devel-windows-ix86+x86_64 2.1.3 48.00 290.00 338.00 OK
r-patched-linux-x86_64 2.1.3 19.42 238.50 257.92 OK
r-patched-osx-x86_64 2.1.3 WARN
r-patched-solaris-x86 2.1.3 391.30 OK
r-release-linux-x86_64 2.1.3 18.08 222.32 240.40 OK
r-release-windows-ix86+x86_64 2.1.3 47.00 267.00 314.00 NOTE
r-release-osx-x86_64 2.1.3 OK
r-oldrel-windows-ix86+x86_64 2.1.3 24.00 359.00 383.00 NOTE
r-oldrel-osx-x86_64 2.1.3 OK

Check Details

Version: 2.1.3
Check: re-building of vignette outputs
Result: WARN
    Error(s) in re-building vignettes:
     ...
    --- re-building ‘motmot.Rmd’ using rmarkdown
    Loading required package: ape
    dyld: lazy symbol binding failed: Symbol not found: ____chkstk_darwin
     Referenced from: /usr/local/bin/pandoc (which was built for Mac OS X 10.15)
     Expected in: /usr/lib/libSystem.B.dylib
    
    dyld: Symbol not found: ____chkstk_darwin
     Referenced from: /usr/local/bin/pandoc (which was built for Mac OS X 10.15)
     Expected in: /usr/lib/libSystem.B.dylib
    
    Error: processing vignette 'motmot.Rmd' failed with diagnostics:
    pandoc document conversion failed with error 6
    --- failed re-building ‘motmot.Rmd’
    
    SUMMARY: processing the following file failed:
     ‘motmot.Rmd’
    
    Error: Vignette re-building failed.
    Execution halted
Flavor: r-patched-osx-x86_64

Version: 2.1.3
Check: installed package size
Result: NOTE
     installed size is 5.4Mb
     sub-directories of 1Mb or more:
     doc 3.8Mb
     libs 1.1Mb
Flavors: r-release-windows-ix86+x86_64, r-oldrel-windows-ix86+x86_64