CRAN Package Check Results for Package monographaR

Last updated on 2020-04-25 01:53:08 CEST.

Flavor Version Tinstall Tcheck Ttotal Status Flags
r-devel-linux-x86_64-debian-clang 1.2.0 9.33 127.71 137.04 OK
r-devel-linux-x86_64-debian-gcc 1.2.0 8.94 97.95 106.89 OK
r-devel-linux-x86_64-fedora-clang 1.2.0 162.20 OK
r-devel-linux-x86_64-fedora-gcc 1.2.0 168.03 OK
r-devel-windows-ix86+x86_64 1.2.0 35.00 155.00 190.00 OK
r-patched-linux-x86_64 1.2.0 10.61 125.49 136.10 OK
r-patched-osx-x86_64 1.2.0 WARN
r-patched-solaris-x86 1.2.0 243.60 OK
r-release-linux-x86_64 1.2.0 9.80 109.60 119.40 OK
r-release-windows-ix86+x86_64 1.2.0 29.00 131.00 160.00 OK
r-release-osx-x86_64 1.2.0 OK
r-oldrel-windows-ix86+x86_64 1.2.0 12.00 135.00 147.00 OK
r-oldrel-osx-x86_64 1.2.0 OK

Check Details

Version: 1.2.0
Check: re-building of vignette outputs
Result: WARN
    Error(s) in re-building vignettes:
    --- re-building ‘tutorial.Rmd’ using rmarkdown
    Loading required package: maptools
    Loading required package: sp
    Checking rgeos availability: TRUE
    Assuming the columns are ordered as: species, collector name, collector number, herbarium acronym and herbarium number
    Assuming the columns are ordered as: species, collector name, collector number, herbarium acronym, herbarium number, country, state, municipality
    Assuming the columns are ordered as: Character_in_description, complement, separator, and the species in the remaining columns
    Assuming the columns are ordered as: species, month (number) and phenology
    Assuming the columns are ordered as: species, longitude, latitude, phenology
    Assuming the columns are ordered as: species, longitude and latitude
    Assuming the columns are ordered as: species, longitude and latitude
    dyld: lazy symbol binding failed: Symbol not found: ____chkstk_darwin
     Referenced from: /usr/local/bin/pandoc (which was built for Mac OS X 10.15)
     Expected in: /usr/lib/libSystem.B.dylib
    
    dyld: Symbol not found: ____chkstk_darwin
     Referenced from: /usr/local/bin/pandoc (which was built for Mac OS X 10.15)
     Expected in: /usr/lib/libSystem.B.dylib
    
    Error: processing vignette 'tutorial.Rmd' failed with diagnostics:
    pandoc document conversion failed with error 6
    --- failed re-building ‘tutorial.Rmd’
    
    SUMMARY: processing the following file failed:
     ‘tutorial.Rmd’
    
    Error: Vignette re-building failed.
    Execution halted
Flavor: r-patched-osx-x86_64