CRAN Package Check Results for Package modeldata

Last updated on 2020-04-25 01:53:08 CEST.

Flavor Version Tinstall Tcheck Ttotal Status Flags
r-devel-linux-x86_64-debian-clang 0.0.1 2.13 34.31 36.44 OK
r-devel-linux-x86_64-debian-gcc 0.0.1 2.04 27.30 29.34 OK
r-devel-linux-x86_64-fedora-clang 0.0.1 45.82 NOTE
r-devel-linux-x86_64-fedora-gcc 0.0.1 45.30 NOTE
r-devel-windows-ix86+x86_64 0.0.1 10.00 51.00 61.00 OK
r-patched-linux-x86_64 0.0.1 2.45 33.67 36.12 OK
r-patched-osx-x86_64 0.0.1 NOTE
r-patched-solaris-x86 0.0.1 79.30 NOTE
r-release-linux-x86_64 0.0.1 1.92 31.97 33.89 OK
r-release-windows-ix86+x86_64 0.0.1 10.00 70.00 80.00 OK
r-release-osx-x86_64 0.0.1 NOTE
r-oldrel-windows-ix86+x86_64 0.0.1 4.00 36.00 40.00 OK
r-oldrel-osx-x86_64 0.0.1 NOTE

Check Details

Version: 0.0.1
Check: data for non-ASCII characters
Result: NOTE
     Note: found 12 marked UTF-8 strings
Flavors: r-devel-linux-x86_64-fedora-clang, r-devel-linux-x86_64-fedora-gcc, r-patched-osx-x86_64, r-patched-solaris-x86, r-release-osx-x86_64, r-oldrel-osx-x86_64

Version: 0.0.1
Check: installed package size
Result: NOTE
     installed size is 5.4Mb
     sub-directories of 1Mb or more:
     data 5.3Mb
Flavor: r-patched-solaris-x86