CRAN Package Check Results for Package mobsim

Last updated on 2020-04-25 01:53:08 CEST.

Flavor Version Tinstall Tcheck Ttotal Status Flags
r-devel-linux-x86_64-debian-clang 0.1.0 26.94 92.54 119.48 OK
r-devel-linux-x86_64-debian-gcc 0.1.0 18.05 71.58 89.63 OK
r-devel-linux-x86_64-fedora-clang 0.1.0 156.79 NOTE
r-devel-linux-x86_64-fedora-gcc 0.1.0 151.36 NOTE
r-devel-windows-ix86+x86_64 0.1.0 74.00 130.00 204.00 OK
r-patched-linux-x86_64 0.1.0 20.57 89.97 110.54 OK
r-patched-osx-x86_64 0.1.0 WARN
r-patched-solaris-x86 0.1.0 224.00 NOTE
r-release-linux-x86_64 0.1.0 21.61 85.98 107.59 OK
r-release-windows-ix86+x86_64 0.1.0 65.00 114.00 179.00 OK
r-release-osx-x86_64 0.1.0 NOTE
r-oldrel-windows-ix86+x86_64 0.1.0 37.00 137.00 174.00 OK
r-oldrel-osx-x86_64 0.1.0 NOTE

Check Details

Version: 0.1.0
Check: dependencies in R code
Result: NOTE
    Namespace in Imports field not imported from: ‘sads’
     All declared Imports should be used.
Flavors: r-devel-linux-x86_64-fedora-clang, r-devel-linux-x86_64-fedora-gcc, r-patched-osx-x86_64, r-patched-solaris-x86, r-release-osx-x86_64, r-oldrel-osx-x86_64

Version: 0.1.0
Check: re-building of vignette outputs
Result: WARN
    Error(s) in re-building vignettes:
    --- re-building ‘Biodiversity_Patterns.Rmd’ using rmarkdown
    dyld: lazy symbol binding failed: Symbol not found: ____chkstk_darwin
     Referenced from: /usr/local/bin/pandoc (which was built for Mac OS X 10.15)
     Expected in: /usr/lib/libSystem.B.dylib
    
    dyld: Symbol not found: ____chkstk_darwin
     Referenced from: /usr/local/bin/pandoc (which was built for Mac OS X 10.15)
     Expected in: /usr/lib/libSystem.B.dylib
    
    Error: processing vignette 'Biodiversity_Patterns.Rmd' failed with diagnostics:
    pandoc document conversion failed with error 6
    --- failed re-building ‘Biodiversity_Patterns.Rmd’
    
    --- re-building ‘Introduction_mobsim.Rmd’ using rmarkdown
    Loading required package: permute
    Loading required package: lattice
    This is vegan 2.5-6
    dyld: lazy symbol binding failed: Symbol not found: ____chkstk_darwin
     Referenced from: /usr/local/bin/pandoc (which was built for Mac OS X 10.15)
     Expected in: /usr/lib/libSystem.B.dylib
    
    dyld: Symbol not found: ____chkstk_darwin
     Referenced from: /usr/local/bin/pandoc (which was built for Mac OS X 10.15)
     Expected in: /usr/lib/libSystem.B.dylib
    
    Error: processing vignette 'Introduction_mobsim.Rmd' failed with diagnostics:
    pandoc document conversion failed with error 6
    --- failed re-building ‘Introduction_mobsim.Rmd’
    
    --- re-building ‘Sampling_communities.Rmd’ using rmarkdown
    dyld: lazy symbol binding failed: Symbol not found: ____chkstk_darwin
     Referenced from: /usr/local/bin/pandoc (which was built for Mac OS X 10.15)
     Expected in: /usr/lib/libSystem.B.dylib
    
    dyld: Symbol not found: ____chkstk_darwin
     Referenced from: /usr/local/bin/pandoc (which was built for Mac OS X 10.15)
     Expected in: /usr/lib/libSystem.B.dylib
    
    Error: processing vignette 'Sampling_communities.Rmd' failed with diagnostics:
    pandoc document conversion failed with error 6
    --- failed re-building ‘Sampling_communities.Rmd’
    
    --- re-building ‘Simulating_communities.Rmd’ using rmarkdown
    dyld: lazy symbol binding failed: Symbol not found: ____chkstk_darwin
     Referenced from: /usr/local/bin/pandoc (which was built for Mac OS X 10.15)
     Expected in: /usr/lib/libSystem.B.dylib
    
    dyld: Symbol not found: ____chkstk_darwin
     Referenced from: /usr/local/bin/pandoc (which was built for Mac OS X 10.15)
     Expected in: /usr/lib/libSystem.B.dylib
    
    Error: processing vignette 'Simulating_communities.Rmd' failed with diagnostics:
    pandoc document conversion failed with error 6
    --- failed re-building ‘Simulating_communities.Rmd’
    
    SUMMARY: processing the following files failed:
     ‘Biodiversity_Patterns.Rmd’ ‘Introduction_mobsim.Rmd’
     ‘Sampling_communities.Rmd’ ‘Simulating_communities.Rmd’
    
    Error: Vignette re-building failed.
    Execution halted
Flavor: r-patched-osx-x86_64