Last updated on 2020-04-25 01:53:08 CEST.
Flavor | Version | Tinstall | Tcheck | Ttotal | Status | Flags |
---|---|---|---|---|---|---|
r-devel-linux-x86_64-debian-clang | 0.1.0 | 2.55 | 29.71 | 32.26 | OK | |
r-devel-linux-x86_64-debian-gcc | 0.1.0 | 1.93 | 22.94 | 24.87 | OK | |
r-devel-linux-x86_64-fedora-clang | 0.1.0 | 37.35 | OK | |||
r-devel-linux-x86_64-fedora-gcc | 0.1.0 | 87.20 | OK | |||
r-devel-windows-ix86+x86_64 | 0.1.0 | 9.00 | 45.00 | 54.00 | OK | |
r-patched-linux-x86_64 | 0.1.0 | 2.52 | 28.02 | 30.54 | OK | |
r-patched-osx-x86_64 | 0.1.0 | OK | ||||
r-patched-solaris-x86 | 0.1.0 | 56.70 | OK | |||
r-release-linux-x86_64 | 0.1.0 | 1.79 | 26.95 | 28.74 | OK | |
r-release-windows-ix86+x86_64 | 0.1.0 | 7.00 | 40.00 | 47.00 | OK | |
r-release-osx-x86_64 | 0.1.0 | OK | ||||
r-oldrel-windows-ix86+x86_64 | 0.1.0 | 3.00 | 46.00 | 49.00 | OK | |
r-oldrel-osx-x86_64 | 0.1.0 | NOTE |
Version: 0.1.0
Check: package dependencies
Result: NOTE
Packages suggested but not available for checking:
‘Rglpk’ ‘ROI.plugin.glpk’
Flavor: r-oldrel-osx-x86_64