CRAN Package Check Results for Package mipred

Last updated on 2020-04-25 01:53:07 CEST.

Flavor Version Tinstall Tcheck Ttotal Status Flags
r-devel-linux-x86_64-debian-clang 0.0.1 6.31 64.99 71.30 OK
r-devel-linux-x86_64-debian-gcc 0.0.1 5.15 49.46 54.61 OK
r-devel-linux-x86_64-fedora-clang 0.0.1 86.61 OK
r-devel-linux-x86_64-fedora-gcc 0.0.1 77.93 OK
r-devel-windows-ix86+x86_64 0.0.1 20.00 74.00 94.00 OK
r-patched-linux-x86_64 0.0.1 6.85 62.46 69.31 OK
r-patched-osx-x86_64 0.0.1 WARN
r-patched-solaris-x86 0.0.1 120.30 OK
r-release-linux-x86_64 0.0.1 5.26 57.11 62.37 OK
r-release-windows-ix86+x86_64 0.0.1 21.00 81.00 102.00 OK
r-release-osx-x86_64 0.0.1 OK
r-oldrel-windows-ix86+x86_64 0.0.1 7.00 92.00 99.00 OK
r-oldrel-osx-x86_64 0.0.1 OK

Check Details

Version: 0.0.1
Check: re-building of vignette outputs
Result: WARN
    Error(s) in re-building vignettes:
    --- re-building ‘mipred_for_glm.Rmd’ using rmarkdown
    
    Attaching package: 'mice'
    
    The following objects are masked from 'package:base':
    
     cbind, rbind
    
    dyld: lazy symbol binding failed: Symbol not found: ____chkstk_darwin
     Referenced from: /usr/local/bin/pandoc (which was built for Mac OS X 10.15)
     Expected in: /usr/lib/libSystem.B.dylib
    
    dyld: Symbol not found: ____chkstk_darwin
     Referenced from: /usr/local/bin/pandoc (which was built for Mac OS X 10.15)
     Expected in: /usr/lib/libSystem.B.dylib
    
    Error: processing vignette 'mipred_for_glm.Rmd' failed with diagnostics:
    pandoc document conversion failed with error 6
    --- failed re-building ‘mipred_for_glm.Rmd’
    
    SUMMARY: processing the following file failed:
     ‘mipred_for_glm.Rmd’
    
    Error: Vignette re-building failed.
    Execution halted
Flavor: r-patched-osx-x86_64